


{"id":18891,"date":"2021-09-09T11:53:11","date_gmt":"2021-09-09T09:53:11","guid":{"rendered":"https:\/\/pbp.womczest.edu.pl\/new\/?page_id=18891"},"modified":"2021-09-09T11:53:11","modified_gmt":"2021-09-09T09:53:11","slug":"narodowe-czytanie-2019-r","status":"publish","type":"page","link":"https:\/\/pbp.womczest.edu.pl\/new\/narodowe-czytanie-2019-r\/","title":{"rendered":"NARODOWE CZYTANIE\u00a0 2019 r."},"content":{"rendered":"<p><img decoding=\"async\" loading=\"lazy\" class=\" wp-image-14304 alignleft\" src=\"https:\/\/pbp.womczest.edu.pl\/new\/wp-content\/uploads\/2019\/09\/IMG_1-225x300.jpg\" alt=\"\" width=\"173\" height=\"231\" srcset=\"https:\/\/pbp.womczest.edu.pl\/new\/wp-content\/uploads\/2019\/09\/IMG_1-225x300.jpg 225w, https:\/\/pbp.womczest.edu.pl\/new\/wp-content\/uploads\/2019\/09\/IMG_1-100x133.jpg 100w, https:\/\/pbp.womczest.edu.pl\/new\/wp-content\/uploads\/2019\/09\/IMG_1-150x200.jpg 150w, https:\/\/pbp.womczest.edu.pl\/new\/wp-content\/uploads\/2019\/09\/IMG_1-200x267.jpg 200w, https:\/\/pbp.womczest.edu.pl\/new\/wp-content\/uploads\/2019\/09\/IMG_1-300x400.jpg 300w, https:\/\/pbp.womczest.edu.pl\/new\/wp-content\/uploads\/2019\/09\/IMG_1-450x600.jpg 450w, https:\/\/pbp.womczest.edu.pl\/new\/wp-content\/uploads\/2019\/09\/IMG_1.jpg 600w\" sizes=\"(max-width: 173px) 100vw, 173px\" \/>W ramach og\u00f3lnopolskiej akcji Narodowe Czytanie, obj\u0119tej Patronatem Honorowym Pary Prezydenckiej, Publiczna Biblioteka Pedagogiczna RODN &#8222;WOM&#8221; w Cz\u0119stochowie Filia w Lubli\u0144cu by\u0142a wsp\u00f3\u0142organizatorem dw\u00f3ch wydarze\u0144 czytelniczych.<\/p>\n<p>5 wrze\u015bnia 2019 r.\u00a0 w bibliotece Wojew\u00f3dzkiego Szpitala Neuropsychiatrycznego w Lubli\u0144cu odby\u0142o si\u0119 wsp\u00f3lne czytanie fragment\u00f3w spo\u015br\u00f3d 8 nowel, zaproponowanych przez Par\u0119 Prezydenck\u0105 w tej edycji Narodowego Czytania. Spotkanie rozpocz\u0119\u0142o si\u0119 od wys\u0142uchania fragmentu noweli \u201eM\u00f3j ojciec wst\u0119puje do stra\u017cak\u00f3w\u201d Brunona Schulza w wykonaniu Pary Prezydenckiej, nast\u0119pnie zosta\u0142a odczytana nowela &#8222;Dobra Pani&#8221; Elizy Orzeszkowej. Uczestnicy spotkania mieli mo\u017cliwo\u015b\u0107 obejrzenia zaprezentowanych lektur.<img decoding=\"async\" loading=\"lazy\" class=\"size-medium wp-image-14306 alignright\" src=\"https:\/\/pbp.womczest.edu.pl\/new\/wp-content\/uploads\/2019\/09\/lubl_czytanie-300x176.jpg\" alt=\"\" width=\"300\" height=\"176\" srcset=\"https:\/\/pbp.womczest.edu.pl\/new\/wp-content\/uploads\/2019\/09\/lubl_czytanie-300x176.jpg 300w, https:\/\/pbp.womczest.edu.pl\/new\/wp-content\/uploads\/2019\/09\/lubl_czytanie-100x59.jpg 100w, https:\/\/pbp.womczest.edu.pl\/new\/wp-content\/uploads\/2019\/09\/lubl_czytanie-150x88.jpg 150w, https:\/\/pbp.womczest.edu.pl\/new\/wp-content\/uploads\/2019\/09\/lubl_czytanie-200x118.jpg 200w, https:\/\/pbp.womczest.edu.pl\/new\/wp-content\/uploads\/2019\/09\/lubl_czytanie-450x264.jpg 450w, https:\/\/pbp.womczest.edu.pl\/new\/wp-content\/uploads\/2019\/09\/lubl_czytanie-600x353.jpg 600w, https:\/\/pbp.womczest.edu.pl\/new\/wp-content\/uploads\/2019\/09\/lubl_czytanie.jpg 640w\" sizes=\"(max-width: 300px) 100vw, 300px\" \/><\/p>\n<p>6 wrze\u015bnia 2019 r. nauczyciele bibliotekarze naszej plac\u00f3wki wraz z uczniami i nauczycielami Zespo\u0142u Szk\u00f3\u0142 Zawodowych w Lubli\u0144cu zorganizowali spotkanie, podczas kt\u00f3rego czytano wybrane nowele zaproponowane w tym roku przez Par\u0119 Prezydenck\u0105. Lekturze utwor\u00f3w \u201eRozdziobi\u0105 nas kruki, wrony\u2026\u201d Stefana \u017beromskiego, \u201eDym\u201d Marii Konopnickiej i \u201eKatarynka\u201d Boles\u0142awa Prusa towarzyszy\u0142a wystawa, na kt\u00f3rej znalaz\u0142y si\u0119 streszczenia utwor\u00f3w, portrety i \u017cyciorysy pisarzy wraz z ich dorobkiem literackim. Zwie\u0144czeniem uroczysto\u015bci by\u0142 s\u0142odki pocz\u0119stunek.<strong>\u00a0<\/strong><\/p>\n<p><em>tekst i zdj\u0119cia: Olimpia Zieli\u0144ska<\/em><br \/>\n<em>Ma\u0142gorzata Goinda<\/em><br \/>\n<em>Anna Bidzi\u0144ska-Kristof<\/em><\/p>\n<p><img decoding=\"async\" loading=\"lazy\" class=\"wp-image-14305 aligncenter\" src=\"https:\/\/pbp.womczest.edu.pl\/new\/wp-content\/uploads\/2019\/09\/2-300x225.jpg\" alt=\"\" width=\"251\" height=\"188\" srcset=\"https:\/\/pbp.womczest.edu.pl\/new\/wp-content\/uploads\/2019\/09\/2-300x225.jpg 300w, https:\/\/pbp.womczest.edu.pl\/new\/wp-content\/uploads\/2019\/09\/2-768x576.jpg 768w, https:\/\/pbp.womczest.edu.pl\/new\/wp-content\/uploads\/2019\/09\/2-100x75.jpg 100w, https:\/\/pbp.womczest.edu.pl\/new\/wp-content\/uploads\/2019\/09\/2-150x113.jpg 150w, https:\/\/pbp.womczest.edu.pl\/new\/wp-content\/uploads\/2019\/09\/2-200x150.jpg 200w, https:\/\/pbp.womczest.edu.pl\/new\/wp-content\/uploads\/2019\/09\/2-450x338.jpg 450w, https:\/\/pbp.womczest.edu.pl\/new\/wp-content\/uploads\/2019\/09\/2-600x450.jpg 600w, https:\/\/pbp.womczest.edu.pl\/new\/wp-content\/uploads\/2019\/09\/2.jpg 800w\" sizes=\"(max-width: 251px) 100vw, 251px\" \/><\/p>\n<hr \/>\n","protected":false},"excerpt":{"rendered":"<p>W ramach og\u00f3lnopolskiej akcji Narodowe Czytanie, obj\u0119tej Patronatem Honorowym Pary Prezydenckiej, Publiczna Biblioteka Pedagogiczna RODN &#8222;WOM&#8221; w Cz\u0119stochowie Filia w Lubli\u0144cu by\u0142a wsp\u00f3\u0142organizatorem dw\u00f3ch wydarze\u0144 czytelniczych. 5 wrze\u015bnia 2019 r.\u00a0 w bibliotece Wojew\u00f3dzkiego Szpitala Neuropsychiatrycznego w Lubli\u0144cu odby\u0142o si\u0119 wsp\u00f3lne czytanie fragment\u00f3w spo\u015br\u00f3d 8 nowel, zaproponowanych przez Par\u0119 Prezydenck\u0105 w tej edycji Narodowego Czytania. Spotkanie rozpocz\u0119\u0142o si\u0119 od wys\u0142uchania fragmentu noweli \u201eM\u00f3j ojciec wst\u0119puje do stra\u017cak\u00f3w\u201d Brunona Schulza w wykonaniu<span class=\"ellipsis\">&hellip;<\/span><\/p>\n<div class=\"read-more\"><a href=\"https:\/\/pbp.womczest.edu.pl\/new\/narodowe-czytanie-2019-r\/\">Czytaj wi\u0119cej &#8250;<\/a><\/div>\n<p><!-- end of .read-more --><\/p>\n","protected":false},"author":3,"featured_media":0,"parent":0,"menu_order":0,"comment_status":"closed","ping_status":"closed","template":"","meta":{"footnotes":""},"jetpack_sharing_enabled":true,"jetpack_shortlink":"https:\/\/wp.me\/PgmV4H-4UH","_links":{"self":[{"href":"https:\/\/pbp.womczest.edu.pl\/new\/wp-json\/wp\/v2\/pages\/18891"}],"collection":[{"href":"https:\/\/pbp.womczest.edu.pl\/new\/wp-json\/wp\/v2\/pages"}],"about":[{"href":"https:\/\/pbp.womczest.edu.pl\/new\/wp-json\/wp\/v2\/types\/page"}],"author":[{"embeddable":true,"href":"https:\/\/pbp.womczest.edu.pl\/new\/wp-json\/wp\/v2\/users\/3"}],"replies":[{"embeddable":true,"href":"https:\/\/pbp.womczest.edu.pl\/new\/wp-json\/wp\/v2\/comments?post=18891"}],"version-history":[{"count":1,"href":"https:\/\/pbp.womczest.edu.pl\/new\/wp-json\/wp\/v2\/pages\/18891\/revisions"}],"predecessor-version":[{"id":18892,"href":"https:\/\/pbp.womczest.edu.pl\/new\/wp-json\/wp\/v2\/pages\/18891\/revisions\/18892"}],"wp:attachment":[{"href":"https:\/\/pbp.womczest.edu.pl\/new\/wp-json\/wp\/v2\/media?parent=18891"}],"curies":[{"name":"wp","href":"https:\/\/api.w.org\/{rel}","templated":true}]}}