


{"id":18560,"date":"2021-07-13T08:56:08","date_gmt":"2021-07-13T06:56:08","guid":{"rendered":"https:\/\/pbp.womczest.edu.pl\/new\/?page_id=18560"},"modified":"2021-07-13T09:01:02","modified_gmt":"2021-07-13T07:01:02","slug":"mam-marzenie-o-wyjatkowych-polkach-i-polakach","status":"publish","type":"page","link":"https:\/\/pbp.womczest.edu.pl\/new\/mam-marzenie-o-wyjatkowych-polkach-i-polakach\/","title":{"rendered":"Mam marzenie. O wyj\u0105tkowych Polkach i Polakach"},"content":{"rendered":"<p>W roku szkolnym 2020\/2021 nauczyciele bibliotekarze PBP RODN \u201eWOM\u201d we wsp\u00f3\u0142pracy z wychowawcami i nauczycielami bibliotekarzami Szko\u0142y Podstawowej nr 53 z Oddzia\u0142ami Integracyjnymi im. M. Sk\u0142odowskiej-Curie w Cz\u0119stochowie zrealizowali projekt edukacyjny promuj\u0105cy edukacj\u0119 czytelnicz\u0105 i medialn\u0105<strong> <em>Mam marzenie. O wyj\u0105tkowych Polkach i Polakach<\/em><\/strong>.<\/p>\n<p>Projekt skierowany zosta\u0142 do uczni\u00f3w klasy II a i II c i realizowany by\u0142 w oparciu o ksi\u0105\u017ck\u0119 \u201e12 wyj\u0105tkowych postaci : polscy autorzy o marzeniach\u201d pod red. Anny Belter. Zaj\u0119cia odbywa\u0142y si\u0119 zdalnie, za po\u015brednictwem platformy ClickMeeting.<\/p>\n<p>Celem projektu by\u0142o zainteresowanie \u017cyciem i osi\u0105gni\u0119ciami s\u0142awnych Polak\u00f3w i Polek, budzenie wra\u017cliwo\u015bci na\u00a0tre\u015bci zawarte w\u00a0opowiadaniach, kszta\u0142towanie nawyku kulturalnego obcowania z\u00a0ksi\u0105\u017ck\u0105, umiej\u0119tno\u015b\u0107 samodzielnej pracy, umiej\u0119tno\u015b\u0107 pos\u0142ugiwania si\u0119 technologiami komunikacyjno-informacyjnymi, w\u00a0tym pracy na\u00a0tablicy interaktywnej oraz rozwijanie kreatywno\u015bci uczni\u00f3w i kszta\u0142cenie umiej\u0119tno\u015bci pracy w zespo\u0142ach.<\/p>\n<p>W\u00a0wyniku przeprowadzonych zaj\u0119\u0107 uczniowie poznali histori\u0119 znanych i cenionych Polek i Polak\u00f3w: Henryka Sienkiewicza, Jana Paw\u0142a II, Marii Sk\u0142odowskiej-Curie, Fryderyka Chopina, Janusza Korczaka oraz Miko\u0142aja Kopernika,\u00a0 kt\u00f3rych \u017cycie i dokonania zawa\u017cy\u0142y na rozwoju ca\u0142ego kraju i \u015bwiata. Uczniowie potrafili opowiada\u0107 o\u00a0najciekawszych wydarzeniach zawartych w opowiadaniach, wymieniali bohater\u00f3w, okre\u015bla\u0107 ich cechy charakteru i\u00a0wyja\u015bnia\u0107 motywy ich dzia\u0142ania, jak r\u00f3wnie\u017c wykazywali zaciekawienie \u017cyciem i osi\u0105gni\u0119ciami s\u0142awnych Polak\u00f3w.<\/p>\n<p>Uczniowie\u00a0 mogli r\u00f3wnie\u017c wzi\u0105\u0107 udzia\u0142 w konkursie na plakat z sob\u0105 w roli g\u0142\u00f3wnej<em> Mam marzenie, czyli jak zosta\u0107 wielkim Polakiem, wielk\u0105 Polk\u0105.<\/em> Powsta\u0142y bardzo ciekawe prace plastyczne odkrywaj\u0105ce nie tylko zdolno\u015bci plastyczne dzieci, ale te\u017c ich ambicje \u017cyciowe.<\/p>\n<p>Zwyci\u0119zcami zostali: Szymon Ko\u0142odziejczyk z klasy II a oraz Dominika Bry\u0142a z klasy II<\/p>\n<p><a href=\"https:\/\/pbp.womczest.edu.pl\/new\/wp-content\/uploads\/2021\/07\/projekt_Mam-marzenie_sp53.pdf\">Projekt_program_Mam marzenie<\/a><\/p>\n<p>&nbsp;<\/p>\n<p style=\"text-align: right;\"><em>Tekst: Anna D\u0105browska, <\/em><em>Anna Hiller<\/em><\/p>\n","protected":false},"excerpt":{"rendered":"<p>W roku szkolnym 2020\/2021 nauczyciele bibliotekarze PBP RODN \u201eWOM\u201d we wsp\u00f3\u0142pracy z wychowawcami i nauczycielami bibliotekarzami Szko\u0142y Podstawowej nr 53 z Oddzia\u0142ami Integracyjnymi im. M. Sk\u0142odowskiej-Curie w Cz\u0119stochowie zrealizowali projekt edukacyjny promuj\u0105cy edukacj\u0119 czytelnicz\u0105 i medialn\u0105 Mam marzenie. O wyj\u0105tkowych Polkach i Polakach. Projekt skierowany zosta\u0142 do uczni\u00f3w klasy II a i II c i realizowany by\u0142 w oparciu o ksi\u0105\u017ck\u0119 \u201e12 wyj\u0105tkowych postaci : polscy autorzy o marzeniach\u201d pod<span class=\"ellipsis\">&hellip;<\/span><\/p>\n<div class=\"read-more\"><a href=\"https:\/\/pbp.womczest.edu.pl\/new\/mam-marzenie-o-wyjatkowych-polkach-i-polakach\/\">Czytaj wi\u0119cej &#8250;<\/a><\/div>\n<p><!-- end of .read-more --><\/p>\n","protected":false},"author":6,"featured_media":0,"parent":0,"menu_order":0,"comment_status":"closed","ping_status":"closed","template":"","meta":{"footnotes":""},"jetpack_sharing_enabled":true,"jetpack_shortlink":"https:\/\/wp.me\/PgmV4H-4Pm","_links":{"self":[{"href":"https:\/\/pbp.womczest.edu.pl\/new\/wp-json\/wp\/v2\/pages\/18560"}],"collection":[{"href":"https:\/\/pbp.womczest.edu.pl\/new\/wp-json\/wp\/v2\/pages"}],"about":[{"href":"https:\/\/pbp.womczest.edu.pl\/new\/wp-json\/wp\/v2\/types\/page"}],"author":[{"embeddable":true,"href":"https:\/\/pbp.womczest.edu.pl\/new\/wp-json\/wp\/v2\/users\/6"}],"replies":[{"embeddable":true,"href":"https:\/\/pbp.womczest.edu.pl\/new\/wp-json\/wp\/v2\/comments?post=18560"}],"version-history":[{"count":3,"href":"https:\/\/pbp.womczest.edu.pl\/new\/wp-json\/wp\/v2\/pages\/18560\/revisions"}],"predecessor-version":[{"id":18564,"href":"https:\/\/pbp.womczest.edu.pl\/new\/wp-json\/wp\/v2\/pages\/18560\/revisions\/18564"}],"wp:attachment":[{"href":"https:\/\/pbp.womczest.edu.pl\/new\/wp-json\/wp\/v2\/media?parent=18560"}],"curies":[{"name":"wp","href":"https:\/\/api.w.org\/{rel}","templated":true}]}}

Mam marzenie. O wyjątkowych Polkach i Polakach

<p>W roku szkolnym 2020/2021 nauczyciele bibliotekarze PBP RODN „WOM” we współpracy z wychowawcami i nauczycielami bibliotekarzami Szkoły Podstawowej nr 53 z Oddziałami Integracyjnymi im. M. Skłodowskiej-Curie w Częstochowie zrealizowali projekt edukacyjny promujący edukację czytelniczą i medialną<strong> <em>Mam marzenie. O wyjątkowych Polkach i Polakach</em></strong>.</p>
<p>Projekt skierowany został do uczniów klasy II a i II c i realizowany był w oparciu o książkę „12 wyjątkowych postaci : polscy autorzy o marzeniach” pod red. Anny Belter. Zajęcia odbywały się zdalnie, za pośrednictwem platformy ClickMeeting.</p>
<p>Celem projektu było zainteresowanie życiem i osiągnięciami sławnych Polaków i Polek, budzenie wrażliwości na treści zawarte w opowiadaniach, kształtowanie nawyku kulturalnego obcowania z książką, umiejętność samodzielnej pracy, umiejętność posługiwania się technologiami komunikacyjno-informacyjnymi, w tym pracy na tablicy interaktywnej oraz rozwijanie kreatywności uczniów i kształcenie umiejętności pracy w zespołach.</p>
<p>W wyniku przeprowadzonych zajęć uczniowie poznali historię znanych i cenionych Polek i Polaków: Henryka Sienkiewicza, Jana Pawła II, Marii Skłodowskiej-Curie, Fryderyka Chopina, Janusza Korczaka oraz Mikołaja Kopernika,  których życie i dokonania zaważyły na rozwoju całego kraju i świata. Uczniowie potrafili opowiadać o najciekawszych wydarzeniach zawartych w opowiadaniach, wymieniali bohaterów, określać ich cechy charakteru i wyjaśniać motywy ich działania, jak również wykazywali zaciekawienie życiem i osiągnięciami sławnych Polaków.</p>
<p>Uczniowie  mogli również wziąć udział w konkursie na plakat z sobą w roli głównej<em> Mam marzenie, czyli jak zostać wielkim Polakiem, wielką Polką.</em> Powstały bardzo ciekawe prace plastyczne odkrywające nie tylko zdolności plastyczne dzieci, ale też ich ambicje życiowe.</p>
<p>Zwycięzcami zostali: Szymon Kołodziejczyk z klasy II a oraz Dominika Bryła z klasy II</p>
<p><a href="https://pbp.womczest.edu.pl/new/wp-content/uploads/2021/07/projekt_Mam-marzenie_sp53.pdf">Projekt_program_Mam marzenie</a></p>
<p>&nbsp;</p>
<p style="text-align: right;"><em>Tekst: Anna Dąbrowska, </em><em>Anna Hiller</em></p>

<p>W roku szkolnym 2020/2021 nauczyciele bibliotekarze PBP RODN „WOM” we współpracy z wychowawcami i nauczycielami bibliotekarzami Szkoły Podstawowej nr 53 z Oddziałami Integracyjnymi im. M. Skłodowskiej-Curie w Częstochowie zrealizowali projekt edukacyjny promujący edukację czytelniczą i medialną Mam marzenie. O wyjątkowych Polkach i Polakach. Projekt skierowany został do uczniów klasy II a i II c i realizowany był w oparciu o książkę „12 wyjątkowych postaci : polscy autorzy o marzeniach” pod<span class="ellipsis">&hellip;</span></p>
<div class="read-more"><a href="https://pbp.womczest.edu.pl/new/mam-marzenie-o-wyjatkowych-polkach-i-polakach/">Czytaj więcej &#8250;</a></div>
<p><!-- end of .read-more --></p>
