


{"id":18359,"date":"2021-06-17T12:02:51","date_gmt":"2021-06-17T10:02:51","guid":{"rendered":"https:\/\/pbp.womczest.edu.pl\/new\/?page_id=18359"},"modified":"2022-04-26T13:22:37","modified_gmt":"2022-04-26T11:22:37","slug":"szeptycka-zofia","status":"publish","type":"page","link":"https:\/\/pbp.womczest.edu.pl\/new\/szeptycka-zofia\/","title":{"rendered":"Szeptycka Zofia"},"content":{"rendered":"<p><strong>Szeptycka Zofia; <\/strong>w\u0142a\u015bciwie: Zofia Ludwika Cecylia Konstancja z Fredr\u00f3w Szeptycka. 21 maja 1837 r., zm. 17 kwietnia 1904 r.: polska malarka i pisarka, c\u00f3rka komediopisarza Aleksandra Fredry i Zofii Jab\u0142onowskiej-Skarbkowej, spokrewniona z Wi\u015bniowieckimi i Led\u00f3chowskimi, z galicyjskimi rodzinami Jab\u0142onowskich i Skrzy\u0144skich, Szeptyckich. Zofia Szeptycka by\u0142a zwi\u0105zana z ziemi\u0105 kro\u015bnie\u0144sk\u0105 jako w\u0142a\u015bcicielka Korczyny i Odrzykonia, kt\u00f3re otrzyma\u0142a w posagu od matki \u2013 Zofii Jab\u0142onowskiej Fredrowej. Adela Defforel by\u0142a jej d\u0142ugoletni\u0105 nauczycielk\u0105 i przyjaci\u00f3\u0142k\u0105. Jej nauczycielami byli: J\u00f3zef Swoboda, Chifflart i Charles-Fran\u00e7ois. Pobiera\u0142a nauki w Pary\u017cu, gdy wyjecha\u0142a do brata Jana, powsta\u0144ca w\u0119gierskiego, kt\u00f3ry nie m\u00f3g\u0142 przyjecha\u0107 do kraju, oraz w Wiedniu. Jej przyjaciel Henryk Rodakowski namalowa\u0142 jej akwarelowy portret. W 1855 r. zbli\u017cy\u0142a si\u0119 do mieszka\u0144c\u00f3w Hotelu Lambert przez przyja\u017a\u0144 z Mari\u0105 Cecyli\u0105 Czartorysk\u0105.\u00a0 Dzieci\u0144stwo sp\u0119dzi\u0142a w Be\u0144kowej Wiszni, a od 1858 r. a\u017c do \u015blubu w 1861 r. mieszka\u0142a we Lwowie. 1 pa\u017adziernika 1861 r. zosta\u0142a tam \u017con\u0105 Jana Kantego Remigiana Szeptyckiego \u017cyj\u0105cego w latach 1836\u20131912 ziemianina obrz\u0105dku rzymskokatolickiego i zamieszka\u0142a w maj\u0105tku m\u0119\u017ca w Przy\u0142bicach.\u00a0 By\u0142a matk\u0105 siedmiu syn\u00f3w. Pierworodny Stefan Kanty Aleksander \u017cyj\u0105cy w latach 1862\u20131864 i Jerzy Piotr \u017cyj\u0105cy w latach 1863\u20131880 zmarli w dzieci\u0144stwie. Dw\u00f3ch by\u0142o ziemianami: Aleksander Maria Dominik Szeptycki \u017cyj\u0105cy w latach 1866\u20131940; Leon J\u00f3zef Maria Szeptycki \u017cyj\u0105cy w latach 1877\u20131939, m\u0105\u017c Jadwigi z Szembek\u00f3w\u00a0 \u017cyj\u0105cej w latach 1883\u20131939, r\u00f3wnie\u017c ziemianki, etnografki i archeologa-amatora. Jadwiga z Szembek\u00f3w by\u0142a wnuczk\u0105 Jana Fredry, brata Zofii Szeptyckiej. Jeden by\u0142 wojskowym. Stanis\u0142aw Maria Jan Szeptycki \u017cyj\u0105cy w latach 1867\u20131950, to genera\u0142 Armii Austro-W\u0119gier i Wojska Polskiego. Dw\u00f3ch zosta\u0142o zakonnikami: Roman Aleksander Maria Szeptycki \u017cyj\u0105cy w latach 1865\u20131944, jako ojciec Andrzej, bazylianin, p\u00f3\u017aniejszy greckokatolicki arcybiskup, metropolita lwowski oraz\u00a0 Kazimierz Maria Szeptycki \u017cyj\u0105cy w latach 1869\u20131951 jako ojciec Klemens, ihumen zakonu studyt\u00f3w, b\u0142ogos\u0142awiony, odznaczony medalem <em>Sprawiedliwy w\u015br\u00f3d Narod\u00f3w<\/em> <em>\u015awiata<\/em>. W 1888 r. podr\u00f3\u017cowa\u0142a do Rzymu, gdzie przebywa\u0142 jej syn Roman. Zosta\u0142a tam przyj\u0119ta przez papie\u017ca Leona 13.\u00a0 Przebywa\u0142a w Korczynie, w Kro\u015bcienku i w Nowej Wsi. Zmar\u0142a 17 kwietnia 1904 r. i pochowana zosta\u0142a w Przy\u0142bicach. Tw\u00f3rczo\u015b\u0107; Wykonywa\u0142a obrazy religijne, kt\u00f3re zdobi\u0142y ko\u015bcio\u0142y Lwowa, Krakowa, \u017b\u00f3\u0142kwi i Bruchnalu. Namalowa\u0142a portret b\u0142. Jana z Dukli dla lwowskiego ko\u015bcio\u0142a bernardyn\u00f3w oraz autoportret, portrety: matki, ojca i brata. Pisa\u0142a opowiadania i szkice, kt\u00f3re pozostawi\u0142a jako r\u0119kopi\u015bmienne utwory o charakterze pami\u0119tnika rodzinnego. Najcenniejsze s\u0105 <em>Wspomnienia z lat ubieg\u0142ych<\/em> pisane w latach 1900\u20131903. W roku 1904, ju\u017c po jej \u015bmierci, lwowska <em>Gazeta Narodowa<\/em> i krakowski <em>Przegl\u0105d Polski<\/em> po raz pierwszy drukowa\u0142y niekt\u00f3re opowiadania i szkice. Dwutomowy zbi\u00f3r jej <em>Pism<\/em> z przedmow\u0105 Stanis\u0142awa Tarnowskiego ukaza\u0142 si\u0119 po\u015bmiertnie w Krakowie, w latach 1906\u20131907.<\/p>\n<p>\u0179r\u00f3d\u0142a:<br \/>\n&#8211; <a href=\"https:\/\/polona.pl\/search\/?filters=public:1,creator:%22Szeptycka,_Zofia_(1837--1904)%22\">https:\/\/polona.pl\/search\/?filters=public:1,creator:%22Szeptycka,_Zofia_(1837&#8211;1904)%22<\/a><br \/>\n&#8211; <a href=\"https:\/\/polskiemuzy.pl\/malarka-zofia-z-fredrow-szeptycka-labunie\/\">https:\/\/polskiemuzy.pl\/malarka-zofia-z-fredrow-szeptycka-labunie\/<\/a><br \/>\n&#8211; <a href=\"https:\/\/www.\u05e1.pisz.pl\/Zofia_Szeptycka\">https:\/\/www.\u05e1.pisz.pl\/Zofia_Szeptycka<br \/>\n<\/a>&#8211; <a href=\"https:\/\/pl.wikipedia.org\/wiki\/Zofia_Szeptycka\">https:\/\/pl.wikipedia.org\/wiki\/Zofia_Szeptycka<\/a><\/p>\n","protected":false},"excerpt":{"rendered":"<p>Szeptycka Zofia; w\u0142a\u015bciwie: Zofia Ludwika Cecylia Konstancja z Fredr\u00f3w Szeptycka. 21 maja 1837 r., zm. 17 kwietnia 1904 r.: polska malarka i pisarka, c\u00f3rka komediopisarza Aleksandra Fredry i Zofii Jab\u0142onowskiej-Skarbkowej, spokrewniona z Wi\u015bniowieckimi i Led\u00f3chowskimi, z galicyjskimi rodzinami Jab\u0142onowskich i Skrzy\u0144skich, Szeptyckich. Zofia Szeptycka by\u0142a zwi\u0105zana z ziemi\u0105 kro\u015bnie\u0144sk\u0105 jako w\u0142a\u015bcicielka Korczyny i Odrzykonia, kt\u00f3re otrzyma\u0142a w posagu od matki \u2013 Zofii Jab\u0142onowskiej Fredrowej. Adela Defforel by\u0142a jej d\u0142ugoletni\u0105 nauczycielk\u0105<span class=\"ellipsis\">&hellip;<\/span><\/p>\n<div class=\"read-more\"><a href=\"https:\/\/pbp.womczest.edu.pl\/new\/szeptycka-zofia\/\">Czytaj wi\u0119cej &#8250;<\/a><\/div>\n<p><!-- end of .read-more --><\/p>\n","protected":false},"author":6,"featured_media":0,"parent":0,"menu_order":0,"comment_status":"closed","ping_status":"closed","template":"","meta":{"footnotes":""},"jetpack_sharing_enabled":true,"jetpack_shortlink":"https:\/\/wp.me\/PgmV4H-4M7","_links":{"self":[{"href":"https:\/\/pbp.womczest.edu.pl\/new\/wp-json\/wp\/v2\/pages\/18359"}],"collection":[{"href":"https:\/\/pbp.womczest.edu.pl\/new\/wp-json\/wp\/v2\/pages"}],"about":[{"href":"https:\/\/pbp.womczest.edu.pl\/new\/wp-json\/wp\/v2\/types\/page"}],"author":[{"embeddable":true,"href":"https:\/\/pbp.womczest.edu.pl\/new\/wp-json\/wp\/v2\/users\/6"}],"replies":[{"embeddable":true,"href":"https:\/\/pbp.womczest.edu.pl\/new\/wp-json\/wp\/v2\/comments?post=18359"}],"version-history":[{"count":3,"href":"https:\/\/pbp.womczest.edu.pl\/new\/wp-json\/wp\/v2\/pages\/18359\/revisions"}],"predecessor-version":[{"id":20322,"href":"https:\/\/pbp.womczest.edu.pl\/new\/wp-json\/wp\/v2\/pages\/18359\/revisions\/20322"}],"wp:attachment":[{"href":"https:\/\/pbp.womczest.edu.pl\/new\/wp-json\/wp\/v2\/media?parent=18359"}],"curies":[{"name":"wp","href":"https:\/\/api.w.org\/{rel}","templated":true}]}}