


{"id":17960,"date":"2021-06-09T12:23:26","date_gmt":"2021-06-09T10:23:26","guid":{"rendered":"https:\/\/pbp.womczest.edu.pl\/new\/?page_id=17960"},"modified":"2022-02-04T12:01:30","modified_gmt":"2022-02-04T11:01:30","slug":"gierymski-aleksander","status":"publish","type":"page","link":"https:\/\/pbp.womczest.edu.pl\/new\/gierymski-aleksander\/","title":{"rendered":"Gierymski Aleksander"},"content":{"rendered":"<p><strong>Gierymski Aleksander; rocznica urodzin malarza<em>. <\/em><\/strong>Urodzony w 1850 roku w Warszawie przedstawiciel realizmu oraz prekursor polskiego impresjonizmu i luminizmu. Pochodzi\u0142 z warszawskiej rodziny inteligenckiej, a jego starszym bratem by\u0142 malarz Maksymilian Gierymski. W 1867 r. Aleksander Gierymski rozpocz\u0105\u0142 nauk\u0119 w Klasie Rysunkowej w Warszawie pod kierunkiem Rafa\u0142a Hadziewicza. Studia kontynuowa\u0142 w Akademii Sztuk Pi\u0119knych w Monachium, w latach 1868-69 u Georga Hiltenspergera, Alexandra Str\u00e4hubera i Hermanna Ansch\u00fctza, w latach 1870-72 w klasie kompozycji Karla Piloty\u2019ego. W roku 1869 wsp\u00f3lnie z bratem ucz\u0119szcza\u0142 do prywatnej pracowni Franza Adama. W latach 1873-1874 przebywa\u0142 w Rzymie, gdzie powsta\u0142y jego pierwsze znane obrazy: <em>Austeria rzymska<\/em> i <em>Gra w<\/em> <em>mora<\/em>, kt\u00f3re Gierymski przywi\u00f3z\u0142 na pocz\u0105tku 1875 r. do Warszawy i wystawi\u0142 w <em>Zach\u0119cie<\/em>. Od ko\u0144ca 1875 do 1879 roku Aleksander Gierymski ponownie przebywa\u0142 we W\u0142oszech intensywnie pracuj\u0105c nad doskonaleniem swojego rzemios\u0142a artystycznego. Wiele czasu po\u015bwi\u0119ca\u0142 r\u00f3wnie\u017c studiowaniu tamtejszego malarstwa. Powsta\u0142 wtedy obraz <em>W altanie <\/em>zapowiadaj\u0105cy impresjonizm, kt\u00f3rego ostateczn\u0105 realizacj\u0119 poprzedzi\u0142 d\u0142ugi szereg studi\u00f3w przygotowawczych, np.: <em>Cylinder na stole, Pan w czerwonym fraku<\/em> i inne. Aleksander Gierymski\u00a0zg\u0142\u0119bia\u0142 w tym czasie zagadnienia zwi\u0105zane z wzajemnym oddzia\u0142ywaniem na siebie koloru i \u015bwiat\u0142a. W rozwi\u0105zaniu tych poj\u0119\u0107 artysta zbli\u017cy\u0142 si\u0119 do wsp\u00f3\u0142czesnych mu impresjonist\u00f3w francuskich, kt\u00f3rych dzie\u0142 najprawdopodobniej nie zna\u0142, gdy\u017c nie by\u0142 jeszcze w Pary\u017cu. Naj\u015bwietniejszy okres tw\u00f3rczo\u015bci Aleksandra Gierymskiego przypad\u0142 na lata 1879\u20131888, kt\u00f3re artysta sp\u0119dzi\u0142 w Warszawie. W okresie tym zwi\u0105za\u0142 si\u0119 z grup\u0105 m\u0142odych literat\u00f3w i malarzy spod znaku pozytywizmu. Ostatnie lata \u017cycia Aleksander Gierymski sp\u0119dzi\u0142 we W\u0142oszech. Zmar\u0142 najprawdopodobniej 8 marca 1901 r. w\u00a0Rzymie, w\u00a0szpitalu dla psychicznie chorych.\u00a0Do jego najwa\u017cniejszych dzie\u0142 nale\u017c\u0105 m.in.: Scena s\u0105du z\u00a0<em>Kupca weneckiego<\/em> 1872, <em>\u017byd\u00f3wka z\u00a0pomara\u0144czami<\/em> 1881, <em>Opera paryska w\u00a0nocy <\/em>1891, <em>Katedra w\u00a0Amalii <\/em>1899.<\/p>\n<p>\u0179r\u00f3d\u0142o: <a href=\"https:\/\/niezlasztuka.net\/tag\/aleksander-gierymski\/\">https:\/\/niezlasztuka.net\/tag\/aleksander-gierymski\/<\/a><\/p>\n","protected":false},"excerpt":{"rendered":"<p>Gierymski Aleksander; rocznica urodzin malarza. Urodzony w 1850 roku w Warszawie przedstawiciel realizmu oraz prekursor polskiego impresjonizmu i luminizmu. Pochodzi\u0142 z warszawskiej rodziny inteligenckiej, a jego starszym bratem by\u0142 malarz Maksymilian Gierymski. W 1867 r. Aleksander Gierymski rozpocz\u0105\u0142 nauk\u0119 w Klasie Rysunkowej w Warszawie pod kierunkiem Rafa\u0142a Hadziewicza. Studia kontynuowa\u0142 w Akademii Sztuk Pi\u0119knych w Monachium, w latach 1868-69 u Georga Hiltenspergera, Alexandra Str\u00e4hubera i Hermanna Ansch\u00fctza, w latach 1870-72<span class=\"ellipsis\">&hellip;<\/span><\/p>\n<div class=\"read-more\"><a href=\"https:\/\/pbp.womczest.edu.pl\/new\/gierymski-aleksander\/\">Czytaj wi\u0119cej &#8250;<\/a><\/div>\n<p><!-- end of .read-more --><\/p>\n","protected":false},"author":6,"featured_media":0,"parent":0,"menu_order":0,"comment_status":"closed","ping_status":"closed","template":"","meta":{"footnotes":""},"jetpack_sharing_enabled":true,"jetpack_shortlink":"https:\/\/wp.me\/PgmV4H-4FG","_links":{"self":[{"href":"https:\/\/pbp.womczest.edu.pl\/new\/wp-json\/wp\/v2\/pages\/17960"}],"collection":[{"href":"https:\/\/pbp.womczest.edu.pl\/new\/wp-json\/wp\/v2\/pages"}],"about":[{"href":"https:\/\/pbp.womczest.edu.pl\/new\/wp-json\/wp\/v2\/types\/page"}],"author":[{"embeddable":true,"href":"https:\/\/pbp.womczest.edu.pl\/new\/wp-json\/wp\/v2\/users\/6"}],"replies":[{"embeddable":true,"href":"https:\/\/pbp.womczest.edu.pl\/new\/wp-json\/wp\/v2\/comments?post=17960"}],"version-history":[{"count":2,"href":"https:\/\/pbp.womczest.edu.pl\/new\/wp-json\/wp\/v2\/pages\/17960\/revisions"}],"predecessor-version":[{"id":19617,"href":"https:\/\/pbp.womczest.edu.pl\/new\/wp-json\/wp\/v2\/pages\/17960\/revisions\/19617"}],"wp:attachment":[{"href":"https:\/\/pbp.womczest.edu.pl\/new\/wp-json\/wp\/v2\/media?parent=17960"}],"curies":[{"name":"wp","href":"https:\/\/api.w.org\/{rel}","templated":true}]}}