


{"id":15437,"date":"2020-03-18T11:35:28","date_gmt":"2020-03-18T10:35:28","guid":{"rendered":"https:\/\/pbp.womczest.edu.pl\/new\/?page_id=15437"},"modified":"2021-01-12T13:33:57","modified_gmt":"2021-01-12T12:33:57","slug":"edukacja-globalna-i-klimatyczna-2","status":"publish","type":"page","link":"https:\/\/pbp.womczest.edu.pl\/new\/edukacja-globalna-i-klimatyczna-2\/","title":{"rendered":"Edukacja globalna i klimatyczna"},"content":{"rendered":"<p><strong>EDUKACJA GLOBALNA<\/strong><\/p>\n<ul>\n<li><a href=\"https:\/\/pbp.womczest.edu.pl\/new\/wp-content\/uploads\/2015\/05\/Edukacja-globalna.pdf\"><em>Edukacja globalna : polskie konteksty i\u00a0inspiracje<\/em>\u00a0\u2013 CC BY-NC-SA<\/a><\/li>\n<li><a href=\"https:\/\/pbp.womczest.edu.pl\/new\/wp-content\/uploads\/2013\/09\/webowa_biblioteka_wychowanie_edukacja_globalna_w_nauczaniu_uczniow_i_uczennic_ze_specjalnymi_potrzebami_edukacyjnymi.pdf\" target=\"_blank\" rel=\"noopener noreferrer\"><em>Edukacja globalna w\u00a0nauczaniu uczni\u00f3w i\u00a0uczennic ze\u00a0specjalnymi potrzebami edukacyjnymi<\/em>\u00a0\u2013 CC BY<\/a><\/li>\n<li><a href=\"https:\/\/pbp.womczest.edu.pl\/new\/wp-content\/uploads\/2013\/09\/webowa_biblioteka_wychowanie_edukacja_globalna_w_procesie_dydaktyczno_wychowawczym.pdf\" target=\"_blank\" rel=\"noopener noreferrer\"><em>Edukacja globalna w\u00a0procesie dydaktyczno-wychowawczym<\/em>\u00a0\u2013 CC BY<\/a><\/li>\n<li><a href=\"https:\/\/pbp.womczest.edu.pl\/new\/wp-content\/uploads\/2018\/11\/globalna_ukladanka.pdf\"><em>Globalna uk\u0142adanka, czyli jak definiowa\u0107 globalne problemy, rozumie\u0107 je i\u00a0zajmowa\u0107 si\u0119 nimi<\/em>\u00a0\u2013 CC BY-NC-SA<\/a><\/li>\n<li><a href=\"https:\/\/pbp.womczest.edu.pl\/new\/wp-content\/uploads\/2020\/04\/Globalnie-lokalnie-o-migracjach.pdf\"><em>Globalnie &#8211; lokalnie o migracjach<\/em> &#8211; CC BY<\/a><\/li>\n<li><a href=\"https:\/\/pbp.womczest.edu.pl\/new\/wp-content\/uploads\/2019\/05\/Broszura_Jak_Wlaczac_Edukacje_Globalna.pdf\"><em>Jak w\u0142\u0105cza\u0107 edukacj\u0119 globaln\u0105 do\u00a0codziennej pracy szko\u0142y? Propozycje zagadnie\u0144 do\u00a0zrealizowania na\u00a0lekcjach przedmiotowych<\/em>\u00a0\u2013 CC BY<\/a><\/li>\n<li><a href=\"https:\/\/pbp.womczest.edu.pl\/new\/wp-content\/uploads\/2020\/04\/Migracje-i-wielokulturowo\u015b\u0107.pdf\"><em>Migracje i wielokulturowo\u015b\u0107<\/em> &#8211; CC BY<\/a><\/li>\n<li><a href=\"http:\/\/e-globalna.edu.pl\/\" target=\"_blank\" rel=\"noopener noreferrer\"><em>Modu\u0142owy elektroniczny podr\u0119cznik edukacji globalnej<\/em>\u00a0\u2013 CC BY<\/a><\/li>\n<li><a href=\"https:\/\/pbp.womczest.edu.pl\/new\/wp-content\/uploads\/2013\/09\/webowa_biblioteka_wychowanie_pionierzy_edukacji_globalnej.pdf\" target=\"_blank\" rel=\"noopener noreferrer\"><em>Pionierzy edukacji globalnej<\/em>\u00a0\u2013 CC BY-SA<\/a><\/li>\n<li><a href=\"https:\/\/pbp.womczest.edu.pl\/new\/wp-content\/uploads\/2020\/04\/Poczytajmy-o-migracjach.pdf\"><em>Poczytajmy o migracjach : przewodnik dla klub\u00f3w czytelniczych<\/em> &#8211; CC BY<\/a><\/li>\n<li><a href=\"https:\/\/pbp.womczest.edu.pl\/new\/wp-content\/uploads\/2015\/05\/projekty-edukacyjne.pdf\"><em>Projekty edukacyjne\u00a0z edukacji globalnej : praktyczny przewodnik<\/em>\u00a0\u2013 CC-BY<\/a><\/li>\n<li><a href=\"https:\/\/pbp.womczest.edu.pl\/new\/wp-content\/uploads\/2020\/04\/Punkty-widzenia.-Klub-dobrej-rozmowy_przewodnik-dla-m\u0142odzie\u017cy.pdf\"><em>Punkty widzenia. Klub dobrej rozmowy_przewodnik dla m\u0142odzie\u017cy<\/em> &#8211; CC BY<\/a><\/li>\n<li><a href=\"https:\/\/pbp.womczest.edu.pl\/new\/wp-content\/uploads\/2013\/09\/webowa_biblioteka_wychowanie_swiat_na_sprzedaz.pdf\" target=\"_blank\" rel=\"noopener noreferrer\"><em>\u015awiat na\u00a0sprzeda\u017c. Zestaw scenariuszy dla gimnazjum na\u00a0temat zaw\u0142aszczania ziemi w\u00a0krajach globalnego Po\u0142udnia<\/em>\u00a0\u2013 CC BY<\/a><\/li>\n<li><a href=\"https:\/\/pbp.womczest.edu.pl\/new\/wp-content\/uploads\/2013\/09\/webowa_biblioteka_wychowanie_swiat_na_wyciagniecie_reki.pdf\" target=\"_blank\" rel=\"noopener noreferrer\"><em>\u015awiat na\u00a0wyci\u0105gni\u0119cie r\u0119ki. Scenariusze zaj\u0119\u0107 z\u00a0zakresu edukacji globalnej na\u00a0godziny wychowawcze<\/em>\u00a0\u2013 CC BY<\/a><\/li>\n<li><a href=\"https:\/\/pbp.womczest.edu.pl\/new\/wp-content\/uploads\/2015\/05\/wzor_na_dobra_praktyk%C4%99.pdf\"><em>Wz\u00f3r na\u00a0dobr\u0105 praktyk\u0119<\/em>\u00a0\u2013 CC BY<\/a><\/li>\n<li><a href=\"https:\/\/pbp.womczest.edu.pl\/new\/wp-content\/uploads\/2013\/09\/webowa_biblioteka_wychowanie_zrozum_swiat.pdf\" target=\"_blank\" rel=\"noopener noreferrer\"><em>Zrozum \u015bwiat. Materia\u0142y z\u00a0zakresu edukacji globalnej dla szk\u00f3\u0142 podstawowych<\/em>\u00a0\u2013 CC BY\u00a03.0<\/a><\/li>\n<li><a href=\"https:\/\/pbp.womczest.edu.pl\/new\/wp-content\/uploads\/2020\/02\/Edukacja-globalna_www.pdf\"><em>Zrozumie\u0107 \u015bwiat to\u00a0podstawa : W\u0105tki edukacji globalnej w\u00a0podstawie programowej kszta\u0142cenia og\u00f3lnego dla szko\u0142y podstawowej<\/em>\u00a0\u2013 CC BY<\/a><\/li>\n<\/ul>\n<p><strong>EDUKACJA KLIMATYCZNA<\/strong><\/p>\n<ul>\n<li><a href=\"https:\/\/pbp.womczest.edu.pl\/new\/wp-content\/uploads\/2020\/02\/atlas_energii.pdf\"><em>Atlas_energii : fakty i\u00a0dane o\u00a0energetyce odnawialnej w\u00a0Europie<\/em>\u00a0\u2013 CC BY<\/a><\/li>\n<li><a href=\"https:\/\/pbp.womczest.edu.pl\/new\/wp-content\/uploads\/2020\/02\/Jak-chroni%C4%87-klimat-poradnik-dla-aktywist%C3%B3w-1.pdf\"><em>Jak chroni\u0107 klimat : poradnik dla aktywist\u00f3w<\/em>\u00a0\u2013 CC BY-SA<\/a><\/li>\n<li><a href=\"https:\/\/pbp.womczest.edu.pl\/new\/wp-content\/uploads\/2019\/05\/broszura_niska_emisja.pdf\"><em>Jeste\u015b tym, czym oddychasz. Kompendium wiedzy na\u00a0temat niskiej emisji<\/em>\u00a0\u2013 CC BY-SA<\/a><\/li>\n<li><a href=\"https:\/\/pbp.womczest.edu.pl\/new\/wp-content\/uploads\/2020\/03\/klimat-to-temat.pdf\"><em>Klimat to temat! : przewodnik po programie : cz\u0119\u015b\u0107 merytoryczna<\/em> &#8211; CC BY<\/a><\/li>\n<li><a href=\"https:\/\/pbp.womczest.edu.pl\/new\/wp-content\/uploads\/2019\/05\/notatnik_inzyniera.pdf\"><em>Notatnik in\u017cyniera : energia i\u00a0wiatr [materia\u0142 edukacyjny]<\/em>\u00a0\u2013 CC SA<\/a><\/li>\n<li><a href=\"https:\/\/www.gov.pl\/web\/klimat\/materialy-edukacyjne\"><em>Przyjaciele klimatu : materia\u0142y edukacyjne [scenariusze, pomoce dydaktyczne]<\/em><\/a><\/li>\n<li><a href=\"https:\/\/pbp.womczest.edu.pl\/new\/wp-content\/uploads\/2015\/05\/SMOG_W_SZKOLE_wydanie_II_2017.pdf\"><em>SMOG_w szkole czyli o\u00a0zanieczyszczeniu i\u00a0poprawie jako\u015bci powietrza [scenariusze zaj\u0119\u0107]<\/em> \u2013 CC BY-NC<\/a><\/li>\n<li><a href=\"https:\/\/pbp.womczest.edu.pl\/new\/wp-content\/uploads\/2020\/04\/We\u017a-oddech_scenariusze-eksperyment\u00f3wi-\u0107wicze\u0144-na-temat-niskiej-emisji.pdf\"><em>We\u017a oddech &#8211; scenariusze eksperyment\u00f3w i \u0107wicze\u0144 na temat niskiej emisji<\/em> &#8211; CC BY<\/a><\/li>\n<li><a href=\"https:\/\/pbp.womczest.edu.pl\/new\/wp-content\/uploads\/2015\/05\/we%C5%BA-oddech.pdf\"><em>We\u017a oddech : scenariusze zaj\u0119\u0107 na\u00a0temat niskiej emisji<\/em>\u00a0\u2013 CC BY-SA<\/a><\/li>\n<\/ul>\n","protected":false},"excerpt":{"rendered":"<p>EDUKACJA GLOBALNA Edukacja globalna : polskie konteksty i\u00a0inspiracje\u00a0\u2013 CC BY-NC-SA Edukacja globalna w\u00a0nauczaniu uczni\u00f3w i\u00a0uczennic ze\u00a0specjalnymi potrzebami edukacyjnymi\u00a0\u2013 CC BY Edukacja globalna w\u00a0procesie dydaktyczno-wychowawczym\u00a0\u2013 CC BY Globalna uk\u0142adanka, czyli jak definiowa\u0107 globalne problemy, rozumie\u0107 je i\u00a0zajmowa\u0107 si\u0119 nimi\u00a0\u2013 CC BY-NC-SA Globalnie &#8211; lokalnie o migracjach &#8211; CC BY Jak w\u0142\u0105cza\u0107 edukacj\u0119 globaln\u0105 do\u00a0codziennej pracy szko\u0142y? Propozycje zagadnie\u0144 do\u00a0zrealizowania na\u00a0lekcjach przedmiotowych\u00a0\u2013 CC BY Migracje i wielokulturowo\u015b\u0107 &#8211; CC BY Modu\u0142owy elektroniczny<span class=\"ellipsis\">&hellip;<\/span><\/p>\n<div class=\"read-more\"><a href=\"https:\/\/pbp.womczest.edu.pl\/new\/edukacja-globalna-i-klimatyczna-2\/\">Czytaj wi\u0119cej &#8250;<\/a><\/div>\n<p><!-- end of .read-more --><\/p>\n","protected":false},"author":6,"featured_media":0,"parent":0,"menu_order":0,"comment_status":"closed","ping_status":"closed","template":"","meta":{"footnotes":""},"jetpack_sharing_enabled":true,"jetpack_shortlink":"https:\/\/wp.me\/PgmV4H-40Z","_links":{"self":[{"href":"https:\/\/pbp.womczest.edu.pl\/new\/wp-json\/wp\/v2\/pages\/15437"}],"collection":[{"href":"https:\/\/pbp.womczest.edu.pl\/new\/wp-json\/wp\/v2\/pages"}],"about":[{"href":"https:\/\/pbp.womczest.edu.pl\/new\/wp-json\/wp\/v2\/types\/page"}],"author":[{"embeddable":true,"href":"https:\/\/pbp.womczest.edu.pl\/new\/wp-json\/wp\/v2\/users\/6"}],"replies":[{"embeddable":true,"href":"https:\/\/pbp.womczest.edu.pl\/new\/wp-json\/wp\/v2\/comments?post=15437"}],"version-history":[{"count":9,"href":"https:\/\/pbp.womczest.edu.pl\/new\/wp-json\/wp\/v2\/pages\/15437\/revisions"}],"predecessor-version":[{"id":16905,"href":"https:\/\/pbp.womczest.edu.pl\/new\/wp-json\/wp\/v2\/pages\/15437\/revisions\/16905"}],"wp:attachment":[{"href":"https:\/\/pbp.womczest.edu.pl\/new\/wp-json\/wp\/v2\/media?parent=15437"}],"curies":[{"name":"wp","href":"https:\/\/api.w.org\/{rel}","templated":true}]}}

<p><strong>EDUKACJA GLOBALNA</strong></p>
<ul>
<li><a href="https://pbp.womczest.edu.pl/new/wp-content/uploads/2015/05/Edukacja-globalna.pdf"><em>Edukacja globalna : polskie konteksty i inspiracje</em> – CC BY-NC-SA</a></li>
<li><a href="https://pbp.womczest.edu.pl/new/wp-content/uploads/2013/09/webowa_biblioteka_wychowanie_edukacja_globalna_w_nauczaniu_uczniow_i_uczennic_ze_specjalnymi_potrzebami_edukacyjnymi.pdf" target="_blank" rel="noopener noreferrer"><em>Edukacja globalna w nauczaniu uczniów i uczennic ze specjalnymi potrzebami edukacyjnymi</em> – CC BY</a></li>
<li><a href="https://pbp.womczest.edu.pl/new/wp-content/uploads/2013/09/webowa_biblioteka_wychowanie_edukacja_globalna_w_procesie_dydaktyczno_wychowawczym.pdf" target="_blank" rel="noopener noreferrer"><em>Edukacja globalna w procesie dydaktyczno-wychowawczym</em> – CC BY</a></li>
<li><a href="https://pbp.womczest.edu.pl/new/wp-content/uploads/2018/11/globalna_ukladanka.pdf"><em>Globalna układanka, czyli jak definiować globalne problemy, rozumieć je i zajmować się nimi</em> – CC BY-NC-SA</a></li>
<li><a href="https://pbp.womczest.edu.pl/new/wp-content/uploads/2020/04/Globalnie-lokalnie-o-migracjach.pdf"><em>Globalnie &#8211; lokalnie o migracjach</em> &#8211; CC BY</a></li>
<li><a href="https://pbp.womczest.edu.pl/new/wp-content/uploads/2019/05/Broszura_Jak_Wlaczac_Edukacje_Globalna.pdf"><em>Jak włączać edukację globalną do codziennej pracy szkoły? Propozycje zagadnień do zrealizowania na lekcjach przedmiotowych</em> – CC BY</a></li>
<li><a href="https://pbp.womczest.edu.pl/new/wp-content/uploads/2020/04/Migracje-i-wielokulturowość.pdf"><em>Migracje i wielokulturowość</em> &#8211; CC BY</a></li>
<li><a href="http://e-globalna.edu.pl/" target="_blank" rel="noopener noreferrer"><em>Modułowy elektroniczny podręcznik edukacji globalnej</em> – CC BY</a></li>
<li><a href="https://pbp.womczest.edu.pl/new/wp-content/uploads/2013/09/webowa_biblioteka_wychowanie_pionierzy_edukacji_globalnej.pdf" target="_blank" rel="noopener noreferrer"><em>Pionierzy edukacji globalnej</em> – CC BY-SA</a></li>
<li><a href="https://pbp.womczest.edu.pl/new/wp-content/uploads/2020/04/Poczytajmy-o-migracjach.pdf"><em>Poczytajmy o migracjach : przewodnik dla klubów czytelniczych</em> &#8211; CC BY</a></li>
<li><a href="https://pbp.womczest.edu.pl/new/wp-content/uploads/2015/05/projekty-edukacyjne.pdf"><em>Projekty edukacyjne z edukacji globalnej : praktyczny przewodnik</em> – CC-BY</a></li>
<li><a href="https://pbp.womczest.edu.pl/new/wp-content/uploads/2020/04/Punkty-widzenia.-Klub-dobrej-rozmowy_przewodnik-dla-młodzieży.pdf"><em>Punkty widzenia. Klub dobrej rozmowy_przewodnik dla młodzieży</em> &#8211; CC BY</a></li>
<li><a href="https://pbp.womczest.edu.pl/new/wp-content/uploads/2013/09/webowa_biblioteka_wychowanie_swiat_na_sprzedaz.pdf" target="_blank" rel="noopener noreferrer"><em>Świat na sprzedaż. Zestaw scenariuszy dla gimnazjum na temat zawłaszczania ziemi w krajach globalnego Południa</em> – CC BY</a></li>
<li><a href="https://pbp.womczest.edu.pl/new/wp-content/uploads/2013/09/webowa_biblioteka_wychowanie_swiat_na_wyciagniecie_reki.pdf" target="_blank" rel="noopener noreferrer"><em>Świat na wyciągnięcie ręki. Scenariusze zajęć z zakresu edukacji globalnej na godziny wychowawcze</em> – CC BY</a></li>
<li><a href="https://pbp.womczest.edu.pl/new/wp-content/uploads/2015/05/wzor_na_dobra_praktyk%C4%99.pdf"><em>Wzór na dobrą praktykę</em> – CC BY</a></li>
<li><a href="https://pbp.womczest.edu.pl/new/wp-content/uploads/2013/09/webowa_biblioteka_wychowanie_zrozum_swiat.pdf" target="_blank" rel="noopener noreferrer"><em>Zrozum świat. Materiały z zakresu edukacji globalnej dla szkół podstawowych</em> – CC BY 3.0</a></li>
<li><a href="https://pbp.womczest.edu.pl/new/wp-content/uploads/2020/02/Edukacja-globalna_www.pdf"><em>Zrozumieć świat to podstawa : Wątki edukacji globalnej w podstawie programowej kształcenia ogólnego dla szkoły podstawowej</em> – CC BY</a></li>
</ul>
<p><strong>EDUKACJA KLIMATYCZNA</strong></p>
<ul>
<li><a href="https://pbp.womczest.edu.pl/new/wp-content/uploads/2020/02/atlas_energii.pdf"><em>Atlas_energii : fakty i dane o energetyce odnawialnej w Europie</em> – CC BY</a></li>
<li><a href="https://pbp.womczest.edu.pl/new/wp-content/uploads/2020/02/Jak-chroni%C4%87-klimat-poradnik-dla-aktywist%C3%B3w-1.pdf"><em>Jak chronić klimat : poradnik dla aktywistów</em> – CC BY-SA</a></li>
<li><a href="https://pbp.womczest.edu.pl/new/wp-content/uploads/2019/05/broszura_niska_emisja.pdf"><em>Jesteś tym, czym oddychasz. Kompendium wiedzy na temat niskiej emisji</em> – CC BY-SA</a></li>
<li><a href="https://pbp.womczest.edu.pl/new/wp-content/uploads/2020/03/klimat-to-temat.pdf"><em>Klimat to temat! : przewodnik po programie : część merytoryczna</em> &#8211; CC BY</a></li>
<li><a href="https://pbp.womczest.edu.pl/new/wp-content/uploads/2019/05/notatnik_inzyniera.pdf"><em>Notatnik inżyniera : energia i wiatr [materiał edukacyjny]</em> – CC SA</a></li>
<li><a href="https://www.gov.pl/web/klimat/materialy-edukacyjne"><em>Przyjaciele klimatu : materiały edukacyjne [scenariusze, pomoce dydaktyczne]</em></a></li>
<li><a href="https://pbp.womczest.edu.pl/new/wp-content/uploads/2015/05/SMOG_W_SZKOLE_wydanie_II_2017.pdf"><em>SMOG_w szkole czyli o zanieczyszczeniu i poprawie jakości powietrza [scenariusze zajęć]</em> – CC BY-NC</a></li>
<li><a href="https://pbp.womczest.edu.pl/new/wp-content/uploads/2020/04/Weź-oddech_scenariusze-eksperymentówi-ćwiczeń-na-temat-niskiej-emisji.pdf"><em>Weź oddech &#8211; scenariusze eksperymentów i ćwiczeń na temat niskiej emisji</em> &#8211; CC BY</a></li>
<li><a href="https://pbp.womczest.edu.pl/new/wp-content/uploads/2015/05/we%C5%BA-oddech.pdf"><em>Weź oddech : scenariusze zajęć na temat niskiej emisji</em> – CC BY-SA</a></li>
</ul>

<p>EDUKACJA GLOBALNA Edukacja globalna : polskie konteksty i inspiracje – CC BY-NC-SA Edukacja globalna w nauczaniu uczniów i uczennic ze specjalnymi potrzebami edukacyjnymi – CC BY Edukacja globalna w procesie dydaktyczno-wychowawczym – CC BY Globalna układanka, czyli jak definiować globalne problemy, rozumieć je i zajmować się nimi – CC BY-NC-SA Globalnie &#8211; lokalnie o migracjach &#8211; CC BY Jak włączać edukację globalną do codziennej pracy szkoły? Propozycje zagadnień do zrealizowania na lekcjach przedmiotowych – CC BY Migracje i wielokulturowość &#8211; CC BY Modułowy elektroniczny<span class="ellipsis">&hellip;</span></p>
<div class="read-more"><a href="https://pbp.womczest.edu.pl/new/edukacja-globalna-i-klimatyczna-2/">Czytaj więcej &#8250;</a></div>
<p><!-- end of .read-more --></p>
