


{"id":14473,"date":"2019-10-08T10:02:47","date_gmt":"2019-10-08T08:02:47","guid":{"rendered":"https:\/\/pbp.womczest.edu.pl\/new\/?page_id=14473"},"modified":"2020-02-04T09:39:04","modified_gmt":"2020-02-04T08:39:04","slug":"gra-miejska-szlakiem-pomnikow-czestochowy","status":"publish","type":"page","link":"https:\/\/pbp.womczest.edu.pl\/new\/gra-miejska-szlakiem-pomnikow-czestochowy\/","title":{"rendered":"Gra miejska \u201eSzlakiem pomnik\u00f3w Cz\u0119stochowy\u201d"},"content":{"rendered":"<div class=\"post-entry\">\n<p>Dnia 30 wrze\u015bnia 2019 r. nauczyciele Publicznej Biblioteki Pedagogicznej RODN \u201eWOM\u201d w\u00a0Cz\u0119stochowie \u2013 dr\u00a0Agata Arkabus, Anna P\u0142usa i\u00a0Marta Ma\u0142ek we\u00a0wsp\u00f3\u0142pracy z\u00a0nauczycielem Szko\u0142y Podstawowej nr\u00a031 im.\u00a0Or\u0142a Bia\u0142ego w\u00a0Cz\u0119stochowie Pani\u0105 Ew\u0105 Osowsk\u0105 zorganizowa\u0142y dla uczni\u00f3w klasy 7c gr\u0119 miejsk\u0105 pt.\u00a0<em>Szlakiem pomnik\u00f3w Cz\u0119stochowy<\/em>.<\/p>\n<p>Gra miejska by\u0142a jednym z\u00a0element\u00f3w realizacji w\u00a0Szkole Podstawowej nr\u00a031 w\u00a0Cz\u0119stochowie unijnego programu europejskiego Erasmus+. W\u00a0grze zosta\u0142y wykorzystane elementy grywalizacji oraz\u00a0pracy zespo\u0142owej.<\/p>\n<p>Uczniowie przy wykorzystaniu technologii informacyjno-komunikacyjnych wykonywali zdania polegaj\u0105ce na\u00a0rozwi\u0105zywaniu quiz\u00f3w poszerzaj\u0105cych ich wiadomo\u015bci z\u00a0zakresu \u017cycia i\u00a0tw\u00f3rczo\u015bci znanych Polak\u00f3w. Szlak pomnik\u00f3w Cz\u0119stochowy obejmowa\u0142 nast\u0119puj\u0105ce miejsca: pomnik Henryka Sienkiewicza, \u0142aweczk\u0119 Haliny Po\u015bwiatowskiej, popiersie Stanis\u0142awa Staszica oraz\u00a0pomnik dziewczynki z\u00a0go\u0142\u0119biami. Przy ka\u017cdym z\u00a0obiekt\u00f3w umieszczony zosta\u0142 kod QR, kt\u00f3ry\u00a0po\u00a0zeskanowaniu otwiera\u0142 aplikacj\u0119 z\u00a0testem do\u00a0rozwi\u0105zania. Zako\u0144czenie gry miejskiej odby\u0142o si\u0119 w\u00a0Teatrze im.\u00a0Adama Mickiewicza w\u00a0Cz\u0119stochowie podczas kt\u00f3rego\u00a0wy\u0142oniono zwyci\u0119sk\u0105 grup\u0119.<\/p>\n<p>Wi\u0119cej na\u00a0temat gry na\u00a0stronie Szko\u0142y Podstawowej nr\u00a031 im.\u00a0Or\u0142a Bia\u0142ego w\u00a0Cz\u0119stochowie: <a href=\"http:\/\/sp31.edu.czestochowa.pl\/art,702,gra-terenowa\">http:\/\/sp31.edu.czestochowa.pl\/art,702,gra-terenowa <\/a>oraz na kanale <a href=\"https:\/\/www.youtube.com\/watch?v=Tbpp9PrEh7I&amp;feature=player_embedded&amp;fbclid=IwAR21sNpbJWhxvegTB3Yaxz8e6fv9bTjGrJIf92vS1Lo4L8yBCjrKk89x98I\">You Tube<\/a>.<\/p>\n<p>&nbsp;<\/p>\n<p style=\"text-align: right;\"><em>dr Agata Arkabus<\/em><\/p>\n<\/div>\n","protected":false},"excerpt":{"rendered":"<p>Dnia 30 wrze\u015bnia 2019 r. nauczyciele Publicznej Biblioteki Pedagogicznej RODN \u201eWOM\u201d w\u00a0Cz\u0119stochowie \u2013 dr\u00a0Agata Arkabus, Anna P\u0142usa i\u00a0Marta Ma\u0142ek we\u00a0wsp\u00f3\u0142pracy z\u00a0nauczycielem Szko\u0142y Podstawowej nr\u00a031 im.\u00a0Or\u0142a Bia\u0142ego w\u00a0Cz\u0119stochowie Pani\u0105 Ew\u0105 Osowsk\u0105 zorganizowa\u0142y dla uczni\u00f3w klasy 7c gr\u0119 miejsk\u0105 pt.\u00a0Szlakiem pomnik\u00f3w Cz\u0119stochowy. Gra miejska by\u0142a jednym z\u00a0element\u00f3w realizacji w\u00a0Szkole Podstawowej nr\u00a031 w\u00a0Cz\u0119stochowie unijnego programu europejskiego Erasmus+. W\u00a0grze zosta\u0142y wykorzystane elementy grywalizacji oraz\u00a0pracy zespo\u0142owej. Uczniowie przy wykorzystaniu technologii informacyjno-komunikacyjnych wykonywali zdania polegaj\u0105ce na\u00a0rozwi\u0105zywaniu<span class=\"ellipsis\">&hellip;<\/span><\/p>\n<div class=\"read-more\"><a href=\"https:\/\/pbp.womczest.edu.pl\/new\/gra-miejska-szlakiem-pomnikow-czestochowy\/\">Czytaj wi\u0119cej &#8250;<\/a><\/div>\n<p><!-- end of .read-more --><\/p>\n","protected":false},"author":6,"featured_media":0,"parent":0,"menu_order":0,"comment_status":"closed","ping_status":"closed","template":"","meta":{"footnotes":""},"jetpack_sharing_enabled":true,"jetpack_shortlink":"https:\/\/wp.me\/PgmV4H-3Lr","_links":{"self":[{"href":"https:\/\/pbp.womczest.edu.pl\/new\/wp-json\/wp\/v2\/pages\/14473"}],"collection":[{"href":"https:\/\/pbp.womczest.edu.pl\/new\/wp-json\/wp\/v2\/pages"}],"about":[{"href":"https:\/\/pbp.womczest.edu.pl\/new\/wp-json\/wp\/v2\/types\/page"}],"author":[{"embeddable":true,"href":"https:\/\/pbp.womczest.edu.pl\/new\/wp-json\/wp\/v2\/users\/6"}],"replies":[{"embeddable":true,"href":"https:\/\/pbp.womczest.edu.pl\/new\/wp-json\/wp\/v2\/comments?post=14473"}],"version-history":[{"count":4,"href":"https:\/\/pbp.womczest.edu.pl\/new\/wp-json\/wp\/v2\/pages\/14473\/revisions"}],"predecessor-version":[{"id":15175,"href":"https:\/\/pbp.womczest.edu.pl\/new\/wp-json\/wp\/v2\/pages\/14473\/revisions\/15175"}],"wp:attachment":[{"href":"https:\/\/pbp.womczest.edu.pl\/new\/wp-json\/wp\/v2\/media?parent=14473"}],"curies":[{"name":"wp","href":"https:\/\/api.w.org\/{rel}","templated":true}]}}