


{"id":14158,"date":"2019-07-30T14:11:21","date_gmt":"2019-07-30T12:11:21","guid":{"rendered":"https:\/\/pbp.womczest.edu.pl\/new\/?page_id=14158"},"modified":"2019-07-30T14:13:04","modified_gmt":"2019-07-30T12:13:04","slug":"najaktywniej-czytajacy-trzecioklasista-vi-edycja-wyniki-konkursu","status":"publish","type":"page","link":"https:\/\/pbp.womczest.edu.pl\/new\/kontakt\/lubliniec\/konkursy-filia-lubliniec\/najaktywniej-czytajacy-trzecioklasista-vi-edycja-wyniki-konkursu\/","title":{"rendered":"\u201eNajaktywniej czytaj\u0105cy trzecioklasista\u201d \u2013 VI edycja wyniki konkursu"},"content":{"rendered":"<p><strong>\u00a0<\/strong><img decoding=\"async\" loading=\"lazy\" class=\"size-full wp-image-13989 alignleft\" src=\"https:\/\/pbp.womczest.edu.pl\/new\/wp-content\/uploads\/2019\/06\/naj.png\" alt=\"\" width=\"137\" height=\"185\" srcset=\"https:\/\/pbp.womczest.edu.pl\/new\/wp-content\/uploads\/2019\/06\/naj.png 137w, https:\/\/pbp.womczest.edu.pl\/new\/wp-content\/uploads\/2019\/06\/naj-100x135.png 100w\" sizes=\"(max-width: 137px) 100vw, 137px\" \/>Do konkursowych zmaga\u0144 zg\u0142osi\u0142o si\u0119 pi\u0119\u0107 szk\u00f3\u0142 podstawowych z powiatu lublinieckiego: Publiczna Szko\u0142a Podstawowa im. W. Kawy i B. Kawy w Ko\u015bmidrach, Szko\u0142a Podstawowa nr 1 im. M. Konopnickiej w Lubli\u0144cu, Szko\u0142a Podstawowa nr 3 im. Bohater\u00f3w Westerplatte w Lubli\u0144cu, Szko\u0142a Podstawowa im. Jana Paw\u0142a II w Psarach i Szko\u0142a Podstawowa im. 74 G\u00f3rno\u015bl\u0105skiego Pu\u0142ku Piechoty w Sadowie.<\/p>\n<p>Celem konkursu by\u0142o rozbudzanie zainteresowa\u0144 czytelniczych w\u015br\u00f3d dzieci, kszta\u0142towanie nawyku systematycznego czytania oraz\u00a0promocja ksi\u0119gozbior\u00f3w bibliotek szkolnych. Bibliotekarze szkolni mieli za\u00a0zadanie wskaza\u0107 uczni\u00f3w trzecich klas szk\u00f3\u0142 podstawowych, kt\u00f3rzy\u00a0w\u00a0okresie od\u00a01 wrze\u015bnia 2018 roku do\u00a031 maja 2019 roku przeczytali najwi\u0119cej ksi\u0105\u017cek dost\u0119pnych w\u00a0bibliotece szkolnej.<\/p>\n<p>Spo\u015br\u00f3d o\u015bmiu zg\u0142oszonych trzecioklasist\u00f3w najlepszymi czytelnikami okazali si\u0119:<br \/>\n<strong>I MIEJSCE:<\/strong><br \/>\n<strong>Magdalena Olszok<\/strong> \u2013 Szko\u0142a Podstawowa nr 1 im. M. Konopnickiej w Lubli\u0144cu<br \/>\n<strong>(87 ksi\u0105\u017cek)<\/strong><br \/>\n<strong>II MIEJSCE:<\/strong><br \/>\n<strong>Tomasz Pietrucha<\/strong> \u2013 Publiczna Szko\u0142a Podstawowa im. W. Kawy i B. Kawy w Ko\u015bmidrach<br \/>\n<strong>(78 ksi\u0105\u017cek)<\/strong><br \/>\n<strong>III MIEJSCE: <\/strong><br \/>\n<strong>Emilia Kurczakowska<\/strong> \u2013 Szko\u0142a Podstawowa im. Jana Paw\u0142a II w Psarach<br \/>\n<strong>(45 ksi\u0105\u017cek)<\/strong><br \/>\nDla wszystkich rywalizuj\u0105cych ze sob\u0105 uczni\u00f3w przygotowano dyplomy, a dla zwyci\u0119zc\u00f3w nagrody ksi\u0105\u017ckowe.<\/p>\n<p><em>Zwyci\u0119zcom oraz\u00a0wszystkim uczestnikom gratulujemy wynik\u00f3w!<\/em><\/p>\n","protected":false},"excerpt":{"rendered":"<p>\u00a0Do konkursowych zmaga\u0144 zg\u0142osi\u0142o si\u0119 pi\u0119\u0107 szk\u00f3\u0142 podstawowych z powiatu lublinieckiego: Publiczna Szko\u0142a Podstawowa im. W. Kawy i B. Kawy w Ko\u015bmidrach, Szko\u0142a Podstawowa nr 1 im. M. Konopnickiej w Lubli\u0144cu, Szko\u0142a Podstawowa nr 3 im. Bohater\u00f3w Westerplatte w Lubli\u0144cu, Szko\u0142a Podstawowa im. Jana Paw\u0142a II w Psarach i Szko\u0142a Podstawowa im. 74 G\u00f3rno\u015bl\u0105skiego Pu\u0142ku Piechoty w Sadowie. Celem konkursu by\u0142o rozbudzanie zainteresowa\u0144 czytelniczych w\u015br\u00f3d dzieci, kszta\u0142towanie nawyku systematycznego czytania<span class=\"ellipsis\">&hellip;<\/span><\/p>\n<div class=\"read-more\"><a href=\"https:\/\/pbp.womczest.edu.pl\/new\/kontakt\/lubliniec\/konkursy-filia-lubliniec\/najaktywniej-czytajacy-trzecioklasista-vi-edycja-wyniki-konkursu\/\">Czytaj wi\u0119cej &#8250;<\/a><\/div>\n<p><!-- end of .read-more --><\/p>\n","protected":false},"author":4,"featured_media":0,"parent":3684,"menu_order":0,"comment_status":"closed","ping_status":"closed","template":"","meta":{"footnotes":""},"jetpack_sharing_enabled":true,"jetpack_shortlink":"https:\/\/wp.me\/PgmV4H-3Gm","_links":{"self":[{"href":"https:\/\/pbp.womczest.edu.pl\/new\/wp-json\/wp\/v2\/pages\/14158"}],"collection":[{"href":"https:\/\/pbp.womczest.edu.pl\/new\/wp-json\/wp\/v2\/pages"}],"about":[{"href":"https:\/\/pbp.womczest.edu.pl\/new\/wp-json\/wp\/v2\/types\/page"}],"author":[{"embeddable":true,"href":"https:\/\/pbp.womczest.edu.pl\/new\/wp-json\/wp\/v2\/users\/4"}],"replies":[{"embeddable":true,"href":"https:\/\/pbp.womczest.edu.pl\/new\/wp-json\/wp\/v2\/comments?post=14158"}],"version-history":[{"count":2,"href":"https:\/\/pbp.womczest.edu.pl\/new\/wp-json\/wp\/v2\/pages\/14158\/revisions"}],"predecessor-version":[{"id":14161,"href":"https:\/\/pbp.womczest.edu.pl\/new\/wp-json\/wp\/v2\/pages\/14158\/revisions\/14161"}],"up":[{"embeddable":true,"href":"https:\/\/pbp.womczest.edu.pl\/new\/wp-json\/wp\/v2\/pages\/3684"}],"wp:attachment":[{"href":"https:\/\/pbp.womczest.edu.pl\/new\/wp-json\/wp\/v2\/media?parent=14158"}],"curies":[{"name":"wp","href":"https:\/\/api.w.org\/{rel}","templated":true}]}}