


{"id":14136,"date":"2019-07-25T12:17:37","date_gmt":"2019-07-25T10:17:37","guid":{"rendered":"https:\/\/pbp.womczest.edu.pl\/new\/?page_id=14136"},"modified":"2023-03-07T13:36:02","modified_gmt":"2023-03-07T12:36:02","slug":"basnie-legendy-i-podania-gornego-slaska-wyniki-konkursu","status":"publish","type":"page","link":"https:\/\/pbp.womczest.edu.pl\/new\/kontakt\/lubliniec\/konkursy-filia-lubliniec\/basnie-legendy-i-podania-gornego-slaska-wyniki-konkursu\/","title":{"rendered":"BA\u015aNIE, LEGENDY I PODANIA G\u00d3RNEGO \u015aL\u0104SKA"},"content":{"rendered":"<p>Dnia 16 listopada 2018 roku w Szkole Podstawowej nr 1 w Lubli\u0144cu odby\u0142 si\u0119 fina\u0142 X Powiatowego Konkursu Plastycznego <i>Ba\u015bnie, legendy i podania G\u00f3rnego \u015al\u0105ska<\/i>, zorganizowanego przez Publiczn\u0105 Bibliotek\u0119 Pedagogiczn\u0105 RODN \u201eWOM\u201d w Cz\u0119stochowie Filia w\u00a0Lubli\u0144cu oraz Szko\u0142\u0119 Podstawow\u0105 nr 1 w Lubli\u0144cu pod patronatem Starostwa Powiatowego w Lubli\u0144cu.<\/p>\n<p>Celem konkursu by\u0142o zach\u0119cenie pi\u0105toklasist\u00f3w do czytania poda\u0144 i legend zwi\u0105zanych z\u00a0dziedzictwem kulturowym w\u0142asnego regionu.<\/p>\n<p>W\u00a0konkursie wzi\u0119li udzia\u0142 uczniowie reprezentuj\u0105cy 9 szk\u00f3\u0142 powiatu lublinieckiego:<\/p>\n<ul>\n<li>Publiczn\u0105 Szko\u0142\u0119 Podstawow\u0105 im. Karola Miarki w Kochanowicach,<\/li>\n<li>Specjalny O\u015brodek Szkolno-Wychowawczy\u00a0im. Konrada Ma\u0144ki,<\/li>\n<li>Zesp\u00f3\u0142 Szkolno-Przedszkolny w \u00a0Lisowie,<\/li>\n<li>Szko\u0142\u0119 Podstawow\u0105 im. Juliusza Ligonia w\u00a0Strzebiniu,<\/li>\n<li>Szko\u0142\u0119 Podstawow\u0105 im. Wandy Kawy i\u00a0Bronis\u0142awy Kawy w Ko\u015bmidrach,<\/li>\n<li>Szko\u0142\u0119 Podstawow\u0105 nr 1 im. Marii Konopnickiej w Lubli\u0144cu,<\/li>\n<li>Szko\u0142\u0119 Podstawow\u0105 nr 3 im.\u00a0Bohater\u00f3w Westerplatte w Lubli\u0144cu,<\/li>\n<li>Zesp\u00f3\u0142 Plac\u00f3wek O\u015bwiatowych im. Unii Europejskiej w Boronowie,<\/li>\n<li>Zesp\u00f3\u0142 Szkolno-Przedszkolny. Szko\u0142\u0119 Podstawow\u0105 im. Powsta\u0144c\u00f3w \u015al\u0105skich w\u00a0Ciasnej.<\/li>\n<\/ul>\n<p>\u0141\u0105cznie zebrano 65 prac plastycznych.<br \/>\nZ uwagi na bardzo wyr\u00f3wnany poziom prac jury przyzna\u0142o nast\u0119puj\u0105ce miejsca:<\/p>\n<p><strong>I MIEJSCE:<\/strong><br \/>\nKATARZYNA GORDZIELIK, kl.5 c, SP nr 3 Lubliniec \u2013 Drzewa mi\u0142o\u015bci.<br \/>\nNATALIA SMOL, kl. 5 a ZPO Boron\u00f3w\u2013 Skarbnik \u2013 Duch kopalni.<br \/>\n<strong>II MIEJSCE:<\/strong><br \/>\nMILENA BRONIAREK, kl. 5 , ZS w Kochanowicach \u2013 Hrabia Balestrem i Kochcice.<br \/>\nJULIA LEDWO\u0143, kl. 5 a, ZS w Kochanowicach \u2013 \u015awi\u0119ci Jan i Pawe\u0142 patroni Chwostka.<br \/>\n<strong>III MIEJSCE:<\/strong><br \/>\nAMELIA MIKUDA, kl. 5, ZS w Kochanowicach \u2013 Tajemnica dzwon\u00f3w ko\u015bcielnych w Lisowie.<br \/>\nMAKSYMILIAN WR\u00d3BEL, kl. 5 n SOS-W Lubliniec \u2013 G\u00f3ra Grojecka.<br \/>\nMARTYNA ADAMEK, kl. 5 a, ZPO Boron\u00f3w \u2013 Skarbnik \u2013 Duch kopalni.<br \/>\n<strong>WYR\u00d3\u017bNIENIE:<\/strong><br \/>\nJULIA JARA, kl. 5, SP Ko\u015bmidry \u2013 Legenda o Tivoli.<br \/>\nKAMIL JASKULSKI, kl. 5 c, SP 1 Lubliniec \u2013 Utopce.<br \/>\nMARCEL STR\u0104CZY\u0143SKI, kl. 5 a, ZPO Boron\u00f3w \u2013 Skarbnik \u2013 Duch kopalni.<br \/>\nKATARZYNA GEMBA\u0141A, kl. 5 b, SP Strzebi\u0144 \u2013 Legenda o \u017ar\u00f3de\u0142ku w Kosz\u0119cinie.<br \/>\nZOFIA KUREK, kl. 5 b SP Ciasna \u2013 Legenda o Ciasnej.<br \/>\nMICHALINA LESIK, kl. 5, SP Ko\u015bmidry \u2013 Skarbnik w\u0142adca kopalni.<br \/>\nMARTYNA DZI\u0118CIO\u0141, kl. 5, SP Ko\u015bmidry \u2013 Legenda o Kajewskim.<br \/>\nWOJCIECH STEFANIK, kl. 5 a ZS-P Lis\u00f3w \u2013 Legenda Lisowa.<\/p>\n<p>Dyplomy,\u00a0nagrody ksi\u0105\u017ckowe oraz upominki podarowane przez Starostwo Powiatowe wr\u0119czy\u0142a pani Ewa Jasku\u0142a \u2013 wicedyrektor Szko\u0142y Podstawowej nr\u00a01 w\u00a0Lubli\u0144cu. Mi\u0142ym akcentem uroczysto\u015bci by\u0142a cz\u0119\u015b\u0107 artystyczna <i>Ba\u015bniowy ambaras \u00a0<\/i>przygotowana przez nauczycielki \u2013 Krystyn\u0119 Musiol &#8211; Musik i Barbar\u0119 Janoszka oraz uczni\u00f3w klasy II ze\u00a0Szko\u0142y Podstawowej nr\u00a01 w\u00a0Lubli\u0144cu.<\/p>\n<p><img decoding=\"async\" loading=\"lazy\" class=\"wp-image-12747 alignleft\" src=\"https:\/\/pbp.womczest.edu.pl\/new\/wp-content\/uploads\/2018\/11\/DSC04765p-300x196.jpg\" alt=\"\" width=\"252\" height=\"164\" srcset=\"https:\/\/pbp.womczest.edu.pl\/new\/wp-content\/uploads\/2018\/11\/DSC04765p-300x196.jpg 300w, https:\/\/pbp.womczest.edu.pl\/new\/wp-content\/uploads\/2018\/11\/DSC04765p-768x501.jpg 768w, https:\/\/pbp.womczest.edu.pl\/new\/wp-content\/uploads\/2018\/11\/DSC04765p-1000x653.jpg 1000w, https:\/\/pbp.womczest.edu.pl\/new\/wp-content\/uploads\/2018\/11\/DSC04765p-100x65.jpg 100w, https:\/\/pbp.womczest.edu.pl\/new\/wp-content\/uploads\/2018\/11\/DSC04765p-150x98.jpg 150w, https:\/\/pbp.womczest.edu.pl\/new\/wp-content\/uploads\/2018\/11\/DSC04765p-200x131.jpg 200w, https:\/\/pbp.womczest.edu.pl\/new\/wp-content\/uploads\/2018\/11\/DSC04765p-450x294.jpg 450w, https:\/\/pbp.womczest.edu.pl\/new\/wp-content\/uploads\/2018\/11\/DSC04765p-600x392.jpg 600w, https:\/\/pbp.womczest.edu.pl\/new\/wp-content\/uploads\/2018\/11\/DSC04765p-900x587.jpg 900w\" sizes=\"(max-width: 252px) 100vw, 252px\" \/> <img decoding=\"async\" loading=\"lazy\" class=\"alignnone wp-image-12748\" src=\"https:\/\/pbp.womczest.edu.pl\/new\/wp-content\/uploads\/2018\/11\/DSC04787-300x225.jpg\" alt=\"\" width=\"234\" height=\"175\" srcset=\"https:\/\/pbp.womczest.edu.pl\/new\/wp-content\/uploads\/2018\/11\/DSC04787-300x225.jpg 300w, https:\/\/pbp.womczest.edu.pl\/new\/wp-content\/uploads\/2018\/11\/DSC04787-768x576.jpg 768w, https:\/\/pbp.womczest.edu.pl\/new\/wp-content\/uploads\/2018\/11\/DSC04787-1000x750.jpg 1000w, https:\/\/pbp.womczest.edu.pl\/new\/wp-content\/uploads\/2018\/11\/DSC04787-100x75.jpg 100w, https:\/\/pbp.womczest.edu.pl\/new\/wp-content\/uploads\/2018\/11\/DSC04787-150x113.jpg 150w, https:\/\/pbp.womczest.edu.pl\/new\/wp-content\/uploads\/2018\/11\/DSC04787-200x150.jpg 200w, https:\/\/pbp.womczest.edu.pl\/new\/wp-content\/uploads\/2018\/11\/DSC04787-450x338.jpg 450w, https:\/\/pbp.womczest.edu.pl\/new\/wp-content\/uploads\/2018\/11\/DSC04787-600x450.jpg 600w, https:\/\/pbp.womczest.edu.pl\/new\/wp-content\/uploads\/2018\/11\/DSC04787-900x675.jpg 900w\" sizes=\"(max-width: 234px) 100vw, 234px\" \/><\/p>\n","protected":false},"excerpt":{"rendered":"<p>Dnia 16 listopada 2018 roku w Szkole Podstawowej nr 1 w Lubli\u0144cu odby\u0142 si\u0119 fina\u0142 X Powiatowego Konkursu Plastycznego Ba\u015bnie, legendy i podania G\u00f3rnego \u015al\u0105ska, zorganizowanego przez Publiczn\u0105 Bibliotek\u0119 Pedagogiczn\u0105 RODN \u201eWOM\u201d w Cz\u0119stochowie Filia w\u00a0Lubli\u0144cu oraz Szko\u0142\u0119 Podstawow\u0105 nr 1 w Lubli\u0144cu pod patronatem Starostwa Powiatowego w Lubli\u0144cu. Celem konkursu by\u0142o zach\u0119cenie pi\u0105toklasist\u00f3w do czytania poda\u0144 i legend zwi\u0105zanych z\u00a0dziedzictwem kulturowym w\u0142asnego regionu. W\u00a0konkursie wzi\u0119li udzia\u0142 uczniowie reprezentuj\u0105cy 9<span class=\"ellipsis\">&hellip;<\/span><\/p>\n<div class=\"read-more\"><a href=\"https:\/\/pbp.womczest.edu.pl\/new\/kontakt\/lubliniec\/konkursy-filia-lubliniec\/basnie-legendy-i-podania-gornego-slaska-wyniki-konkursu\/\">Czytaj wi\u0119cej &#8250;<\/a><\/div>\n<p><!-- end of .read-more --><\/p>\n","protected":false},"author":4,"featured_media":0,"parent":3684,"menu_order":0,"comment_status":"closed","ping_status":"closed","template":"","meta":{"footnotes":""},"jetpack_sharing_enabled":true,"jetpack_shortlink":"https:\/\/wp.me\/PgmV4H-3G0","_links":{"self":[{"href":"https:\/\/pbp.womczest.edu.pl\/new\/wp-json\/wp\/v2\/pages\/14136"}],"collection":[{"href":"https:\/\/pbp.womczest.edu.pl\/new\/wp-json\/wp\/v2\/pages"}],"about":[{"href":"https:\/\/pbp.womczest.edu.pl\/new\/wp-json\/wp\/v2\/types\/page"}],"author":[{"embeddable":true,"href":"https:\/\/pbp.womczest.edu.pl\/new\/wp-json\/wp\/v2\/users\/4"}],"replies":[{"embeddable":true,"href":"https:\/\/pbp.womczest.edu.pl\/new\/wp-json\/wp\/v2\/comments?post=14136"}],"version-history":[{"count":2,"href":"https:\/\/pbp.womczest.edu.pl\/new\/wp-json\/wp\/v2\/pages\/14136\/revisions"}],"predecessor-version":[{"id":22493,"href":"https:\/\/pbp.womczest.edu.pl\/new\/wp-json\/wp\/v2\/pages\/14136\/revisions\/22493"}],"up":[{"embeddable":true,"href":"https:\/\/pbp.womczest.edu.pl\/new\/wp-json\/wp\/v2\/pages\/3684"}],"wp:attachment":[{"href":"https:\/\/pbp.womczest.edu.pl\/new\/wp-json\/wp\/v2\/media?parent=14136"}],"curies":[{"name":"wp","href":"https:\/\/api.w.org\/{rel}","templated":true}]}}