


{"id":14126,"date":"2019-07-25T11:52:18","date_gmt":"2019-07-25T09:52:18","guid":{"rendered":"https:\/\/pbp.womczest.edu.pl\/new\/?page_id=14126"},"modified":"2019-07-25T11:54:28","modified_gmt":"2019-07-25T09:54:28","slug":"narodowe-czytanie-2018-2","status":"publish","type":"page","link":"https:\/\/pbp.womczest.edu.pl\/new\/kontakt\/lubliniec\/inne-wydarzenia\/narodowe-czytanie-2018-2\/","title":{"rendered":"NARODOWE CZYTANIE 2018"},"content":{"rendered":"<p><img decoding=\"async\" loading=\"lazy\" class=\" wp-image-12278 alignleft\" src=\"https:\/\/pbp.womczest.edu.pl\/new\/wp-content\/uploads\/2018\/09\/banner_bezdaty-300x159.jpg\" alt=\"\" width=\"225\" height=\"119\" srcset=\"https:\/\/pbp.womczest.edu.pl\/new\/wp-content\/uploads\/2018\/09\/banner_bezdaty-300x159.jpg 300w, https:\/\/pbp.womczest.edu.pl\/new\/wp-content\/uploads\/2018\/09\/banner_bezdaty-768x408.jpg 768w, https:\/\/pbp.womczest.edu.pl\/new\/wp-content\/uploads\/2018\/09\/banner_bezdaty-1000x532.jpg 1000w, https:\/\/pbp.womczest.edu.pl\/new\/wp-content\/uploads\/2018\/09\/banner_bezdaty-100x53.jpg 100w, https:\/\/pbp.womczest.edu.pl\/new\/wp-content\/uploads\/2018\/09\/banner_bezdaty-150x80.jpg 150w, https:\/\/pbp.womczest.edu.pl\/new\/wp-content\/uploads\/2018\/09\/banner_bezdaty-200x106.jpg 200w, https:\/\/pbp.womczest.edu.pl\/new\/wp-content\/uploads\/2018\/09\/banner_bezdaty-450x239.jpg 450w, https:\/\/pbp.womczest.edu.pl\/new\/wp-content\/uploads\/2018\/09\/banner_bezdaty-600x319.jpg 600w, https:\/\/pbp.womczest.edu.pl\/new\/wp-content\/uploads\/2018\/09\/banner_bezdaty-900x478.jpg 900w\" sizes=\"(max-width: 225px) 100vw, 225px\" \/>Publiczna Biblioteka Pedagogiczna RODN \u201eWOM\u201d w Cz\u0119stochowie Filia w Lubli\u0144cu serdecznie zaprasza na wystaw\u0119 \u201eNarodowe Czytanie \u2013 <em>Przedwio\u015bnie<\/em> Stefana \u017beromskiego\u201d, kt\u00f3ra b\u0119dzie prezentowana w Muzeum Edyty Stein w Lubli\u0144cu w dniach od 10-20 wrze\u015bnia br.<\/p>\n<p>Tegoroczna akcja jest zar\u00f3wno promocj\u0105 czytelnictwa jak i form\u0105 uczczenia 100-lecia odzyskania przez Polsk\u0119 niepodleg\u0142o\u015bci. Mamy nadziej\u0119, \u017ce wystawa przybli\u017cy pa\u0144stwu histori\u0119 walki naszego narodu o wolno\u015b\u0107.<\/p>\n","protected":false},"excerpt":{"rendered":"<p>Publiczna Biblioteka Pedagogiczna RODN \u201eWOM\u201d w Cz\u0119stochowie Filia w Lubli\u0144cu serdecznie zaprasza na wystaw\u0119 \u201eNarodowe Czytanie \u2013 Przedwio\u015bnie Stefana \u017beromskiego\u201d, kt\u00f3ra b\u0119dzie prezentowana w Muzeum Edyty Stein w Lubli\u0144cu w dniach od 10-20 wrze\u015bnia br. Tegoroczna akcja jest zar\u00f3wno promocj\u0105 czytelnictwa jak i form\u0105 uczczenia 100-lecia odzyskania przez Polsk\u0119 niepodleg\u0142o\u015bci. Mamy nadziej\u0119, \u017ce wystawa przybli\u017cy pa\u0144stwu histori\u0119 walki naszego narodu o wolno\u015b\u0107.<\/p>\n","protected":false},"author":4,"featured_media":0,"parent":7619,"menu_order":0,"comment_status":"closed","ping_status":"closed","template":"","meta":{"footnotes":""},"jetpack_sharing_enabled":true,"jetpack_shortlink":"https:\/\/wp.me\/PgmV4H-3FQ","_links":{"self":[{"href":"https:\/\/pbp.womczest.edu.pl\/new\/wp-json\/wp\/v2\/pages\/14126"}],"collection":[{"href":"https:\/\/pbp.womczest.edu.pl\/new\/wp-json\/wp\/v2\/pages"}],"about":[{"href":"https:\/\/pbp.womczest.edu.pl\/new\/wp-json\/wp\/v2\/types\/page"}],"author":[{"embeddable":true,"href":"https:\/\/pbp.womczest.edu.pl\/new\/wp-json\/wp\/v2\/users\/4"}],"replies":[{"embeddable":true,"href":"https:\/\/pbp.womczest.edu.pl\/new\/wp-json\/wp\/v2\/comments?post=14126"}],"version-history":[{"count":1,"href":"https:\/\/pbp.womczest.edu.pl\/new\/wp-json\/wp\/v2\/pages\/14126\/revisions"}],"predecessor-version":[{"id":14127,"href":"https:\/\/pbp.womczest.edu.pl\/new\/wp-json\/wp\/v2\/pages\/14126\/revisions\/14127"}],"up":[{"embeddable":true,"href":"https:\/\/pbp.womczest.edu.pl\/new\/wp-json\/wp\/v2\/pages\/7619"}],"wp:attachment":[{"href":"https:\/\/pbp.womczest.edu.pl\/new\/wp-json\/wp\/v2\/media?parent=14126"}],"curies":[{"name":"wp","href":"https:\/\/api.w.org\/{rel}","templated":true}]}}