


{"id":14018,"date":"2019-06-18T13:20:24","date_gmt":"2019-06-18T11:20:24","guid":{"rendered":"https:\/\/pbp.womczest.edu.pl\/new\/?page_id=14018"},"modified":"2019-06-18T13:20:24","modified_gmt":"2019-06-18T11:20:24","slug":"bohaterowie-naszej-historii-maraton-czytelniczy","status":"publish","type":"page","link":"https:\/\/pbp.womczest.edu.pl\/new\/bohaterowie-naszej-historii-maraton-czytelniczy\/","title":{"rendered":"Bohaterowie Naszej Historii \u2013 maraton czytelniczy"},"content":{"rendered":"<div class=\"post-entry\">\n<p><img decoding=\"async\" loading=\"lazy\" class=\"wp-image-14013 alignleft\" src=\"https:\/\/pbp.womczest.edu.pl\/new\/wp-content\/uploads\/2019\/06\/DSCN0253.jpg\" alt=\"\" width=\"390\" height=\"293\" srcset=\"https:\/\/pbp.womczest.edu.pl\/new\/wp-content\/uploads\/2019\/06\/DSCN0253.jpg 5152w, https:\/\/pbp.womczest.edu.pl\/new\/wp-content\/uploads\/2019\/06\/DSCN0253-300x225.jpg 300w, https:\/\/pbp.womczest.edu.pl\/new\/wp-content\/uploads\/2019\/06\/DSCN0253-768x576.jpg 768w, https:\/\/pbp.womczest.edu.pl\/new\/wp-content\/uploads\/2019\/06\/DSCN0253-1000x750.jpg 1000w, https:\/\/pbp.womczest.edu.pl\/new\/wp-content\/uploads\/2019\/06\/DSCN0253-100x75.jpg 100w, https:\/\/pbp.womczest.edu.pl\/new\/wp-content\/uploads\/2019\/06\/DSCN0253-150x113.jpg 150w, https:\/\/pbp.womczest.edu.pl\/new\/wp-content\/uploads\/2019\/06\/DSCN0253-200x150.jpg 200w, https:\/\/pbp.womczest.edu.pl\/new\/wp-content\/uploads\/2019\/06\/DSCN0253-450x338.jpg 450w, https:\/\/pbp.womczest.edu.pl\/new\/wp-content\/uploads\/2019\/06\/DSCN0253-600x450.jpg 600w, https:\/\/pbp.womczest.edu.pl\/new\/wp-content\/uploads\/2019\/06\/DSCN0253-900x675.jpg 900w\" sizes=\"(max-width: 390px) 100vw, 390px\" \/>6 czerwca 2019 r. w\u00a0Bibliotece Publicznej im.\u00a0dr. W. Biega\u0144skiego w\u00a0Cz\u0119stochowie odby\u0142 si\u0119 kolejny maraton czytelniczy, kt\u00f3remu\u00a0patronowa\u0142 Prezydent Miasta Cz\u0119stochowy pan Krzysztof Matyjaszczyk. Zgromadzonych go\u015bci i\u00a0s\u0142uchaczy powita\u0142a pani Beata Grzanka \u2013 dyrektor Biblioteki Publicznej. Maraton zatytu\u0142owany <em>Bohaterowie Nasz<\/em><em>e<\/em><em>j Historii<\/em> odby\u0142 si\u0119 z\u00a0okazji Roku Unii Lubelskiej, Roku Powsta\u0144 \u015al\u0105skich, Roku Gustawa Herlinga-Grudzi\u0144skiego, Roku Anny Walentynowicz i\u00a0Roku Stanis\u0142awa Moniuszki w\u00a0ramach XVIII Og\u00f3lnopolskiego Tygodnia Czytania Dzieciom. Do\u00a0udzia\u0142u w\u00a0tym wydarzeniu zosta\u0142y zaproszone panie Anna\u00a0 Hiller oraz\u00a0Anna\u00a0 D\u0105browska \u2013 nauczyciele bibliotekarze Publicznej Biblioteki Pedagogicznej RODN \u201eWOM\u201d w\u00a0Cz\u0119stochowie. Panie czyta\u0142y <em>Pami\u0119tnik ma\u0142ego Polaka. Opowie\u015b\u0107 o\u00a0powstaniu \u201eSolidarno\u015bci\u201d i\u00a0upadku PRL<\/em> Paw\u0142a Waku\u0142y (<em>Odzyskana niepodleg\u0142o\u015b\u0107. 10 opowiada\u0144 z\u00a0XX wieku<\/em>). W\u015br\u00f3d zaproszonych go\u015bci czytaj\u0105cych utwory literackie by\u0142y: pani Agnieszka Banasik \u2013 g\u0142\u00f3wny specjalista Wydzia\u0142u Edukacji Urz\u0119du Miasta, pani Edyta Ksi\u0105\u017cek \u2013 wiceprezes Oddzia\u0142u ZNP, pani Agnieszka Lipi\u0144ska \u2013 starszy inspektor Wydzia\u0142u Kultury, Promocji i\u00a0Sportu Urz\u0119du Miasta, pani Jolanta Skrzypczyk \u2013 straszy wizytator Delegatury Kuratorium O\u015bwiaty, pani dr\u00a0hab. Dagmara\u00a0 Bubel \u2013 dyrektor Biblioteki G\u0142\u00f3wnej Politechniki Cz\u0119stochowskiej,\u00a0 pani El\u017cbieta\u00a0 Dudek \u2013 kierownik, Biblioteki G\u0142\u00f3wnej Politechniki Cz\u0119stochowskiej.<\/p>\n<p>Maraton, w\u00a0imieniu organizator\u00f3w, prowadzi\u0142a pani dr\u00a0Renata Sowada \u2013 przewodnicz\u0105ca Sekcji Bibliotekarskiej Zwi\u0105zku Nauczycielstwa Polskiego oraz\u00a0nauczyciel bibliotekarz Szko\u0142y Podstawowej nr\u00a053 w\u00a0Cz\u0119stochowie. W\u00a0wydarzeniu uczestniczy\u0142o 225 uczni\u00f3w nast\u0119puj\u0105cych szk\u00f3\u0142 i\u00a0plac\u00f3wek o\u015bwiatowych. W\u00a0mi\u0119dzyszkolnym konkursie <em>5 Pyta\u0144 o\u00a0<\/em><em>Bohaterach Naszej Historii<\/em> uczestniczy\u0142o 103 uczni\u00f3w, a\u00a0nagrody i\u00a0dyplomy zdoby\u0142o 32 z\u00a0nich. Nagrody ksi\u0105\u017ckowe w\u00a0konkursie ufundowa\u0142 Zarz\u0105d Oddzia\u0142u Zwi\u0105zku Nauczycielstwa Polskiego w\u00a0Cz\u0119stochowie.<\/p>\n<p>Organizatorami maratonu byli: Biblioteka Publiczna im.\u00a0dr. W. Biega\u0144skiego, Oddzia\u0142 Stowarzyszenia Bibliotekarzy Polskich, Sekcja Bibliotekarska przy Oddziale Zwi\u0105zku Nauczycielstwa Polskiego, Oddzia\u0142 Towarzystwa Nauczycieli Bibliotekarzy Szk\u00f3\u0142 Polskich oraz\u00a0Szko\u0142a Podstawowa nr\u00a053 z\u00a0Oddzia\u0142ami Integracyjnymi im.\u00a0M. Sk\u0142odowskiej-Curie w\u00a0Cz\u0119stochowie.<\/p>\n<p style=\"text-align: right;\"><em>Tekst: Anna D\u0105browska<\/em><\/p>\n<\/div>\n","protected":false},"excerpt":{"rendered":"<p>6 czerwca 2019 r. w\u00a0Bibliotece Publicznej im.\u00a0dr. W. Biega\u0144skiego w\u00a0Cz\u0119stochowie odby\u0142 si\u0119 kolejny maraton czytelniczy, kt\u00f3remu\u00a0patronowa\u0142 Prezydent Miasta Cz\u0119stochowy pan Krzysztof Matyjaszczyk. Zgromadzonych go\u015bci i\u00a0s\u0142uchaczy powita\u0142a pani Beata Grzanka \u2013 dyrektor Biblioteki Publicznej. Maraton zatytu\u0142owany Bohaterowie Naszej Historii odby\u0142 si\u0119 z\u00a0okazji Roku Unii Lubelskiej, Roku Powsta\u0144 \u015al\u0105skich, Roku Gustawa Herlinga-Grudzi\u0144skiego, Roku Anny Walentynowicz i\u00a0Roku Stanis\u0142awa Moniuszki w\u00a0ramach XVIII Og\u00f3lnopolskiego Tygodnia Czytania Dzieciom. Do\u00a0udzia\u0142u w\u00a0tym wydarzeniu zosta\u0142y zaproszone panie Anna\u00a0 Hiller<span class=\"ellipsis\">&hellip;<\/span><\/p>\n<div class=\"read-more\"><a href=\"https:\/\/pbp.womczest.edu.pl\/new\/bohaterowie-naszej-historii-maraton-czytelniczy\/\">Czytaj wi\u0119cej &#8250;<\/a><\/div>\n<p><!-- end of .read-more --><\/p>\n","protected":false},"author":6,"featured_media":0,"parent":0,"menu_order":0,"comment_status":"closed","ping_status":"closed","template":"","meta":{"footnotes":""},"jetpack_sharing_enabled":true,"jetpack_shortlink":"https:\/\/wp.me\/PgmV4H-3E6","_links":{"self":[{"href":"https:\/\/pbp.womczest.edu.pl\/new\/wp-json\/wp\/v2\/pages\/14018"}],"collection":[{"href":"https:\/\/pbp.womczest.edu.pl\/new\/wp-json\/wp\/v2\/pages"}],"about":[{"href":"https:\/\/pbp.womczest.edu.pl\/new\/wp-json\/wp\/v2\/types\/page"}],"author":[{"embeddable":true,"href":"https:\/\/pbp.womczest.edu.pl\/new\/wp-json\/wp\/v2\/users\/6"}],"replies":[{"embeddable":true,"href":"https:\/\/pbp.womczest.edu.pl\/new\/wp-json\/wp\/v2\/comments?post=14018"}],"version-history":[{"count":1,"href":"https:\/\/pbp.womczest.edu.pl\/new\/wp-json\/wp\/v2\/pages\/14018\/revisions"}],"predecessor-version":[{"id":14019,"href":"https:\/\/pbp.womczest.edu.pl\/new\/wp-json\/wp\/v2\/pages\/14018\/revisions\/14019"}],"wp:attachment":[{"href":"https:\/\/pbp.womczest.edu.pl\/new\/wp-json\/wp\/v2\/media?parent=14018"}],"curies":[{"name":"wp","href":"https:\/\/api.w.org\/{rel}","templated":true}]}}