


{"id":13041,"date":"2019-01-02T14:24:47","date_gmt":"2019-01-02T13:24:47","guid":{"rendered":"https:\/\/pbp.womczest.edu.pl\/new\/?page_id=13041"},"modified":"2025-01-13T14:52:08","modified_gmt":"2025-01-13T13:52:08","slug":"rzadowe-projekty-wspierajace-edukacje","status":"publish","type":"page","link":"https:\/\/pbp.womczest.edu.pl\/new\/rzadowe-projekty-wspierajace-edukacje\/","title":{"rendered":"RZ\u0104DOWE PROJEKTY WSPIERAJ\u0104CE EDUKACJ\u0118"},"content":{"rendered":"<ul>\n<li>Rozporz\u0105dzenie Rady Ministr\u00f3w z dnia 27 lipca 2023 r. w sprawie realizacji rz\u0105dowego programu rozwijania szkolnej infrastruktury oraz umiej\u0119tno\u015bci podstawowych i przekrojowych dzieci i m\u0142odzie\u017cy &#8211; &#8222;Laboratoria przysz\u0142o\u015bci&#8221; : Dz.U. z 2023 r. poz. 1643<br \/>\n<a id=\"view:_id1:_id2:_id59:_id61:callback1:_id93:rDeeds:1181:_id114\" class=\"doc-details-link\" href=\"https:\/\/isap.sejm.gov.pl\/isap.nsf\/DocDetails.xsp?id=WDU20230001643\">Dz.U. 2023 poz. 1643<\/a><\/li>\n<li>Rozporz\u0105dzenie Ministra Edukacji i Nauki z dnia 3 sierpnia 2021 r. w sprawie programu &#8222;Rozw\u00f3j czasopism naukowych&#8221; : Dz. U. z 2021 r. poz. 1514<br \/>\n<a id=\"view:_id1:_id2:_id59:_id61:callback1:_id93:rDeeds:59:_id114\" class=\"doc-details-link\" href=\"http:\/\/isap.sejm.gov.pl\/isap.nsf\/DocDetails.xsp?id=WDU20210001514\">Dz.U. 2021 poz. 1514<\/a><\/li>\n<li>Rozporz\u0105dzenie Ministra Edukacji i Nauki z dnia 1 grudnia 2020 r. zmieniaj\u0105ce rozporz\u0105dzenie w sprawie pomocy de minimis w ramach programu &#8222;Wsparcie dla czasopism naukowych&#8221; : Dz. U. z 2020 r. poz. 2146<br \/>\n<a id=\"view:_id1:_id2:_id59:_id61:callback1:_id93:rDeeds:317:_id114\" class=\"doc-details-link\" href=\"http:\/\/isap.sejm.gov.pl\/isap.nsf\/DocDetails.xsp?id=WDU20200002146\">Dz.U. 2020 poz. 2146<\/a><\/li>\n<li>Rozporz\u0105dzenie Rady Ministr\u00f3w z dnia 28 lutego 2023 r. zmieniaj\u0105ce rozporz\u0105dzenie w sprawie szczeg\u00f3\u0142owych warunk\u00f3w, form i trybu realizacji Priorytetu 3 &#8222;Narodowego Programu Rozwoju Czytelnictwa 2.0. na lata 2021-2025&#8221; : Dz.U. z 2023 r. poz. 441<br \/>\n<a id=\"view:_id1:_id2:_id59:_id61:callback1:_id93:rDeeds:2383:_id114\" class=\"doc-details-link\" href=\"https:\/\/isap.sejm.gov.pl\/isap.nsf\/DocDetails.xsp?id=WDU20230000441\">Dz.U. 2023 poz. 441<\/a><\/li>\n<li>Rozporz\u0105dzenie Rady Ministr\u00f3w z dnia 10 wrze\u015bnia 2021 r. w sprawie szczeg\u00f3\u0142owych warunk\u00f3w, form i trybu realizacji Priorytetu 3 &#8222;Narodowego Programu Rozwoju Czytelnictwa 2.0. na lata 2021-2025&#8221; : Dz. U. z 2021 r. poz. 1675<br \/>\n<a id=\"view:_id1:_id2:_id59:_id61:callback1:_id93:rDeeds:348:_id114\" class=\"doc-details-link\" href=\"http:\/\/isap.sejm.gov.pl\/isap.nsf\/DocDetails.xsp?id=WDU20210001675\">Dz.U. 2021 poz. 1675<\/a><\/li>\n<li>Rozporz\u0105dzenie Rady Ministr\u00f3w z dnia 26 listopada 2019 r. w sprawie szczeg\u00f3\u0142owych warunk\u00f3w, form i trybu realizacji Priorytetu 3 &#8222;Narodowego Programu Rozwoju Czytelnictwa&#8221; dotycz\u0105cego wspierania w latach 2016-2020 organ\u00f3w prowadz\u0105cych szko\u0142y oraz biblioteki pedagogiczne w zakresie rozwijania zainteresowa\u0144 uczni\u00f3w przez promocj\u0119 i wspieranie czytelnictwa dzieci i m\u0142odzie\u017cy, w tym zakup nowo\u015bci wydawniczych : Dz. U. z 2019 r. poz. 2324<br \/>\n<a id=\"view:_id1:_id2:_id59:_id61:callback1:_id93:rDeeds:242:_id114\" class=\"doc-details-link\" href=\"http:\/\/isap.sejm.gov.pl\/isap.nsf\/DocDetails.xsp?id=WDU20190002324\">Dz.U. 2019 poz. 2324<\/a><\/li>\n<li><a id=\"view:_id1:_id2:_id59:_id61:callback1:_id93:rDeeds:700:_id114\" class=\"doc-details-link\" href=\"http:\/\/isap.sejm.gov.pl\/isap.nsf\/DocDetails.xsp?id=WDU20150001667\"><\/a>Rozporz\u0105dzenie Rady Ministr\u00f3w z dnia 27 sierpnia 2021 r. zmieniaj\u0105ce rozporz\u0105dzenie w sprawie szczeg\u00f3\u0142owych warunk\u00f3w, form i trybu realizacji Rz\u0105dowego programu rozwijania szkolnej infrastruktury oraz kompetencji uczni\u00f3w i nauczycieli w zakresie technologii informacyjno-komunikacyjnych na lata 2020-2024 &#8211; &#8222;Aktywna tablica&#8221; : Dz. U. z 2021 r. poz. 1602<br \/>\n<a id=\"view:_id1:_id2:_id59:_id61:callback1:_id93:rDeeds:421:_id114\" class=\"doc-details-link\" href=\"http:\/\/isap.sejm.gov.pl\/isap.nsf\/DocDetails.xsp?id=WDU20210001602\">Dz.U. 2021 poz. 1602<\/a><\/li>\n<li>Rozporz\u0105dzenie Rady Ministr\u00f3w z dnia 23 pa\u017adziernika 2020 r. w sprawie szczeg\u00f3\u0142owych warunk\u00f3w, form i trybu realizacji Rz\u0105dowego programu rozwijania szkolnej infrastruktury oraz kompetencji uczni\u00f3w i nauczycieli w zakresie technologii informacyjno-komunikacyjnych na lata 2020-2024 &#8211; &#8222;Aktywna tablica&#8221; : Dz. U. z 2020 r. poz. 1883<br \/>\n<a id=\"view:_id1:_id2:_id59:_id61:callback1:_id93:rDeeds:580:_id114\" class=\"doc-details-link\" href=\"http:\/\/isap.sejm.gov.pl\/isap.nsf\/DocDetails.xsp?id=WDU20200001883\">Dz.U. 2020 poz. 1883<\/a><\/li>\n<li>Rozporz\u0105dzenie Rady Ministr\u00f3w z dnia 1 wrze\u015bnia 2017 r. zmieniaj\u0105ce rozporz\u0105dzenie w sprawie realizacji Rz\u0105dowego programu wspomagania w latach 2015\u20132018 organ\u00f3w prowadz\u0105cych szko\u0142y w zapewnieniu bezpiecznych warunk\u00f3w nauki, wychowania i opieki w szko\u0142ach \u2013 \u201eBezpieczna+\u201d : Dz. U. z 2017 r. poz. 1698<br \/>\n<a id=\"view:_id1:_id2:_id59:_id61:callback1:_id93:rDeeds:811:_id114\" class=\"doc-details-link\" href=\"https:\/\/isap.sejm.gov.pl\/isap.nsf\/DocDetails.xsp?id=WDU20170001698\">Dz.U. 2017 poz. 1698<\/a><\/li>\n<li>Rozporz\u0105dzenie Rady Ministr\u00f3w z dnia 23 czerwca 2015 r. w sprawie realizacji Rz\u0105dowego programu wspomagania w latach 2015\u20132018 organ\u00f3w prowadz\u0105cych szko\u0142y w zapewnieniu bezpiecznych warunk\u00f3w nauki, wychowania i opieki w szko\u0142ach \u2013 \u201eBezpieczna+\u201d\u00a0 : Dz. U. z 2015 r. poz. 972<br \/>\n<a id=\"view:_id1:_id2:_id59:_id61:callback1:_id93:rDeeds:1395:_id114\" class=\"doc-details-link\" href=\"https:\/\/isap.sejm.gov.pl\/isap.nsf\/DocDetails.xsp?id=WDU20150000972\">Dz.U. 2015 poz. 972<\/a><\/li>\n<\/ul>\n","protected":false},"excerpt":{"rendered":"<p>Rozporz\u0105dzenie Rady Ministr\u00f3w z dnia 27 lipca 2023 r. w sprawie realizacji rz\u0105dowego programu rozwijania szkolnej infrastruktury oraz umiej\u0119tno\u015bci podstawowych i przekrojowych dzieci i m\u0142odzie\u017cy &#8211; &#8222;Laboratoria przysz\u0142o\u015bci&#8221; : Dz.U. z 2023 r. poz. 1643 Dz.U. 2023 poz. 1643 Rozporz\u0105dzenie Ministra Edukacji i Nauki z dnia 3 sierpnia 2021 r. w sprawie programu &#8222;Rozw\u00f3j czasopism naukowych&#8221; : Dz. U. z 2021 r. poz. 1514 Dz.U. 2021 poz. 1514 Rozporz\u0105dzenie Ministra<span class=\"ellipsis\">&hellip;<\/span><\/p>\n<div class=\"read-more\"><a href=\"https:\/\/pbp.womczest.edu.pl\/new\/rzadowe-projekty-wspierajace-edukacje\/\">Czytaj wi\u0119cej &#8250;<\/a><\/div>\n<p><!-- end of .read-more --><\/p>\n","protected":false},"author":7,"featured_media":0,"parent":0,"menu_order":0,"comment_status":"closed","ping_status":"closed","template":"","meta":{"footnotes":""},"jetpack_sharing_enabled":true,"jetpack_shortlink":"https:\/\/wp.me\/PgmV4H-3ol","_links":{"self":[{"href":"https:\/\/pbp.womczest.edu.pl\/new\/wp-json\/wp\/v2\/pages\/13041"}],"collection":[{"href":"https:\/\/pbp.womczest.edu.pl\/new\/wp-json\/wp\/v2\/pages"}],"about":[{"href":"https:\/\/pbp.womczest.edu.pl\/new\/wp-json\/wp\/v2\/types\/page"}],"author":[{"embeddable":true,"href":"https:\/\/pbp.womczest.edu.pl\/new\/wp-json\/wp\/v2\/users\/7"}],"replies":[{"embeddable":true,"href":"https:\/\/pbp.womczest.edu.pl\/new\/wp-json\/wp\/v2\/comments?post=13041"}],"version-history":[{"count":14,"href":"https:\/\/pbp.womczest.edu.pl\/new\/wp-json\/wp\/v2\/pages\/13041\/revisions"}],"predecessor-version":[{"id":26188,"href":"https:\/\/pbp.womczest.edu.pl\/new\/wp-json\/wp\/v2\/pages\/13041\/revisions\/26188"}],"wp:attachment":[{"href":"https:\/\/pbp.womczest.edu.pl\/new\/wp-json\/wp\/v2\/media?parent=13041"}],"curies":[{"name":"wp","href":"https:\/\/api.w.org\/{rel}","templated":true}]}}