


{"id":12985,"date":"2019-01-02T13:54:49","date_gmt":"2019-01-02T12:54:49","guid":{"rendered":"https:\/\/pbp.womczest.edu.pl\/new\/?page_id=12985"},"modified":"2025-01-22T12:05:39","modified_gmt":"2025-01-22T11:05:39","slug":"ksztalcenie-specjalne","status":"publish","type":"page","link":"https:\/\/pbp.womczest.edu.pl\/new\/ksztalcenie-specjalne\/","title":{"rendered":"KSZTA\u0141CENIE SPECJALNE"},"content":{"rendered":"<ul>\n<li><a id=\"view:_id1:_id2:_id59:_id61:callback1:_id93:rDeeds:282:_id114\" class=\"doc-details-link\" href=\"http:\/\/isap.sejm.gov.pl\/isap.nsf\/DocDetails.xsp?id=WDU20200002181\"><\/a>Obwieszczenie Ministra Edukacji Narodowej z dnia 9 lipca 2020 r. w sprawie og\u0142oszenia jednolitego tekstu rozporz\u0105dzenia Ministra Edukacji Narodowej w sprawie warunk\u00f3w organizowania kszta\u0142cenia, wychowania i opieki dla dzieci i m\u0142odzie\u017cy niepe\u0142nosprawnych, niedostosowanych spo\u0142ecznie i zagro\u017conych niedostosowaniem spo\u0142ecznym : Dz. U. z 2020 r. poz. 1309<br \/>\n<a id=\"view:_id1:_id2:_id59:_id61:callback1:_id93:rDeeds:1154:_id114\" class=\"doc-details-link\" href=\"http:\/\/isap.sejm.gov.pl\/isap.nsf\/DocDetails.xsp?id=WDU20200001309\">Dz.U. 2020 poz. 1309<\/a><\/li>\n<li>Rozporz\u0105dzenie Ministra Edukacji Narodowej z dnia 5 lutego 2020 r. zmieniaj\u0105ce rozporz\u0105dzenie w sprawie organizacji kszta\u0142cenia oraz warunk\u00f3w i form realizowania specjalnych dzia\u0142a\u0144 opieku\u0144czo-wychowawczych w przedszkolach i szko\u0142ach specjalnych, zorganizowanych w podmiotach leczniczych i jednostkach pomocy spo\u0142ecznej : Dz. U. z 2020 r. poz. 269<br \/>\n<a id=\"view:_id1:_id2:_id59:_id61:callback1:_id93:rDeeds:446:_id114\" class=\"doc-details-link\" href=\"http:\/\/isap.sejm.gov.pl\/isap.nsf\/DocDetails.xsp?id=WDU20200000269\">Dz.U. 2020 poz. 269<\/a><\/li>\n<li>Rozporz\u0105dzenie Ministra Edukacji Narodowej z dnia 20 marca 2018 r. w sprawie wysoko\u015bci wska\u017anik\u00f3w zwi\u0119kszaj\u0105cych kwoty dotacji celowej na wyposa\u017cenie szk\u00f3\u0142 podstawowych w podr\u0119czniki, materia\u0142y edukacyjne i materia\u0142y \u0107wiczeniowe dla uczni\u00f3w niepe\u0142nosprawnych : Dz. U. 2018 r. poz. 611<br \/>\n<a id=\"view:_id1:_id2:_id59:_id61:callback1:_id93:rDeeds:1937:_id114\" class=\"doc-details-link\" href=\"http:\/\/isap.sejm.gov.pl\/isap.nsf\/DocDetails.xsp?id=WDU20180000611\">Dz.U. 2018 poz. 611<\/a><\/li>\n<li>Rozporz\u0105dzenie Ministra Edukacji Narodowej z dnia 20 marca 2018 r. w sprawie wysoko\u015bci wska\u017anik\u00f3w zwi\u0119kszaj\u0105cych kwoty dotacji celowej na wyposa\u017cenie szk\u00f3\u0142 w podr\u0119czniki, materia\u0142y edukacyjne i materia\u0142y \u0107wiczeniowe dla uczni\u00f3w niepe\u0142nosprawnych w 2018 r. i 2019 r : Dz. U. 2018 r. poz. 615<br \/>\n<a id=\"view:_id1:_id2:_id59:_id61:callback1:_id93:rDeeds:1933:_id114\" class=\"doc-details-link\" href=\"http:\/\/isap.sejm.gov.pl\/isap.nsf\/DocDetails.xsp?id=WDU20180000615\">Dz.U. 2018 poz. 615<\/a><\/li>\n<li>Rozporz\u0105dzenie Ministra Edukacji Narodowej z dnia 24 lipca 2015 r. w sprawie warunk\u00f3w organizowania kszta\u0142cenia, wychowania i opieki dla dzieci i m\u0142odzie\u017cy niepe\u0142nosprawnych, niedostosowanych spo\u0142ecznie i zagro\u017conych niedostosowaniem spo\u0142ecznym : Dz. U. z 2015 r. poz. 1113<br \/>\n<a id=\"view:_id1:_id2:_id59:_id61:callback1:_id93:rDeeds:1254:_id114\" class=\"doc-details-link\" href=\"http:\/\/isap.sejm.gov.pl\/isap.nsf\/DocDetails.xsp?id=WDU20150001113\">Dz.U. 2015 poz. 1113<\/a><\/li>\n<li>Rozporz\u0105dzenie Ministra Edukacji Narodowej z dnia 28 sierpnia 2017 r. zmieniaj\u0105ce rozporz\u0105dzenie w sprawie warunk\u00f3w organizowania kszta\u0142cenia, wychowania i opieki dla dzieci i m\u0142odzie\u017cy niepe\u0142nosprawnych, niedostosowanych spo\u0142ecznie i zagro\u017conych niedostosowaniem spo\u0142ecznym : Dz. U. z 2017 r. poz. 1652<br \/>\n<a id=\"view:_id1:_id2:_id59:_id61:callback1:_id93:rDeeds:857:_id114\" class=\"doc-details-link\" href=\"http:\/\/isap.sejm.gov.pl\/isap.nsf\/DocDetails.xsp?id=WDU20170001652\">Dz.U. 2017 poz. 1652<\/a><\/li>\n<li>Rozporz\u0105dzenie Ministra Edukacji Narodowej z dnia 9 sierpnia 2017 r. w sprawie warunk\u00f3w organizowania kszta\u0142cenia, wychowania i opieki dla dzieci i m\u0142odzie\u017cy niepe\u0142nosprawnych, niedostosowanych spo\u0142ecznie i zagro\u017conych niedostosowaniem spo\u0142ecznym : Dz. U. z 2017 r. poz. 1578<br \/>\n<a id=\"view:_id1:_id2:_id59:_id61:callback1:_id93:rDeeds:931:_id114\" class=\"doc-details-link\" href=\"http:\/\/isap.sejm.gov.pl\/isap.nsf\/DocDetails.xsp?id=WDU20170001578\">Dz.U. 2017 poz. 1578<\/a><\/li>\n<li>Rozporz\u0105dzenie Ministra Edukacji Narodowej z dnia 26 lipca 2018 r. zmieniaj\u0105ce rozporz\u0105dzenie w sprawie warunk\u00f3w organizowania kszta\u0142cenia, wychowania i opieki dla dzieci i m\u0142odzie\u017cy niepe\u0142nosprawnych, niedostosowanych spo\u0142ecznie i zagro\u017conych niedostosowaniem spo\u0142ecznym : Dz. U. z 2018 r. poz. 1485<br \/>\n<a id=\"view:_id1:_id2:_id59:_id61:callback1:_id93:rDeeds:1063:_id114\" class=\"doc-details-link\" href=\"http:\/\/isap.sejm.gov.pl\/isap.nsf\/DocDetails.xsp?id=WDU20180001485\">Dz.U. 2018 poz. 1485<\/a><\/li>\n<li>Rozporz\u0105dzenie Ministra Edukacji Narodowej z dnia 24 sierpnia 2017 r. w sprawie organizowania wczesnego wspomagania rozwoju dzieci : Dz. U. z 2017 r. poz. 1635<br \/>\n<a id=\"view:_id1:_id2:_id59:_id61:callback1:_id93:rDeeds:874:_id114\" class=\"doc-details-link\" href=\"http:\/\/isap.sejm.gov.pl\/isap.nsf\/DocDetails.xsp?id=WDU20170001635\">Dz.U. 2017 poz. 1635<\/a><\/li>\n<li><a id=\"view:_id1:_id2:_id59:_id61:callback1:_id93:rDeeds:855:_id114\" class=\"doc-details-link\" href=\"http:\/\/isap.sejm.gov.pl\/isap.nsf\/DocDetails.xsp?id=WDU20170001654\"><\/a>Rozporz\u0105dzenie Ministra Edukacji Narodowej z dnia 8 marca 2013 r. w sprawie organizacji kszta\u0142cenia oraz warunk\u00f3w i form realizowania specjalnych dzia\u0142a\u0144 opieku\u0144czo-wychowawczych w przedszkolach i szko\u0142ach specjalnych, zorganizowanych w podmiotach leczniczych i jednostkach pomocy spo\u0142ecznej : Dz. U. z 2013 r. poz. 380<br \/>\n<a id=\"view:_id1:_id2:_id59:_id61:callback1:_id93:rDeeds:1362:_id114\" class=\"doc-details-link\" href=\"http:\/\/isap.sejm.gov.pl\/isap.nsf\/DocDetails.xsp?id=WDU20130000380\">Dz.U. 2013 poz. 380<\/a><\/li>\n<li>Rozporz\u0105dzenie Ministra Edukacji Narodowej z dnia 23 kwietnia 2013 r. w sprawie warunk\u00f3w i sposobu organizowania zaj\u0119\u0107 rewalidacyjno-wychowawczych dla dzieci i m\u0142odzie\u017cy z upo\u015bledzeniem umys\u0142owym w stopniu g\u0142\u0119bokim : Dz. U. z 2013 r. poz. 529<br \/>\n<a id=\"view:_id1:_id2:_id59:_id61:callback1:_id93:rDeeds:1213:_id114\" class=\"doc-details-link\" href=\"http:\/\/isap.sejm.gov.pl\/isap.nsf\/DocDetails.xsp?id=WDU20130000529\">Dz.U. 2013 poz. 529<\/a><a id=\"view:_id1:_id2:_id59:_id61:callback1:_id93:rDeeds:3:_id114\" class=\"doc-details-link\" href=\"http:\/\/isap.sejm.gov.pl\/isap.nsf\/DocDetails.xsp?id=WDU20112961755\"><\/a><\/li>\n<\/ul>\n","protected":false},"excerpt":{"rendered":"<p>Obwieszczenie Ministra Edukacji Narodowej z dnia 9 lipca 2020 r. w sprawie og\u0142oszenia jednolitego tekstu rozporz\u0105dzenia Ministra Edukacji Narodowej w sprawie warunk\u00f3w organizowania kszta\u0142cenia, wychowania i opieki dla dzieci i m\u0142odzie\u017cy niepe\u0142nosprawnych, niedostosowanych spo\u0142ecznie i zagro\u017conych niedostosowaniem spo\u0142ecznym : Dz. U. z 2020 r. poz. 1309 Dz.U. 2020 poz. 1309 Rozporz\u0105dzenie Ministra Edukacji Narodowej z dnia 5 lutego 2020 r. zmieniaj\u0105ce rozporz\u0105dzenie w sprawie organizacji kszta\u0142cenia oraz warunk\u00f3w i form<span class=\"ellipsis\">&hellip;<\/span><\/p>\n<div class=\"read-more\"><a href=\"https:\/\/pbp.womczest.edu.pl\/new\/ksztalcenie-specjalne\/\">Czytaj wi\u0119cej &#8250;<\/a><\/div>\n<p><!-- end of .read-more --><\/p>\n","protected":false},"author":7,"featured_media":0,"parent":0,"menu_order":0,"comment_status":"closed","ping_status":"closed","template":"","meta":{"footnotes":""},"jetpack_sharing_enabled":true,"jetpack_shortlink":"https:\/\/wp.me\/PgmV4H-3nr","_links":{"self":[{"href":"https:\/\/pbp.womczest.edu.pl\/new\/wp-json\/wp\/v2\/pages\/12985"}],"collection":[{"href":"https:\/\/pbp.womczest.edu.pl\/new\/wp-json\/wp\/v2\/pages"}],"about":[{"href":"https:\/\/pbp.womczest.edu.pl\/new\/wp-json\/wp\/v2\/types\/page"}],"author":[{"embeddable":true,"href":"https:\/\/pbp.womczest.edu.pl\/new\/wp-json\/wp\/v2\/users\/7"}],"replies":[{"embeddable":true,"href":"https:\/\/pbp.womczest.edu.pl\/new\/wp-json\/wp\/v2\/comments?post=12985"}],"version-history":[{"count":10,"href":"https:\/\/pbp.womczest.edu.pl\/new\/wp-json\/wp\/v2\/pages\/12985\/revisions"}],"predecessor-version":[{"id":26286,"href":"https:\/\/pbp.womczest.edu.pl\/new\/wp-json\/wp\/v2\/pages\/12985\/revisions\/26286"}],"wp:attachment":[{"href":"https:\/\/pbp.womczest.edu.pl\/new\/wp-json\/wp\/v2\/media?parent=12985"}],"curies":[{"name":"wp","href":"https:\/\/api.w.org\/{rel}","templated":true}]}}