


{"id":12952,"date":"2019-01-02T13:32:30","date_gmt":"2019-01-02T12:32:30","guid":{"rendered":"https:\/\/pbp.womczest.edu.pl\/new\/?page_id=12952"},"modified":"2025-02-10T14:33:59","modified_gmt":"2025-02-10T13:33:59","slug":"dokumentacja-szkolna","status":"publish","type":"page","link":"https:\/\/pbp.womczest.edu.pl\/new\/dokumentacja-szkolna\/","title":{"rendered":"DOKUMENTACJA SZKOLNA"},"content":{"rendered":"<ul>\n<li>Rozporz\u0105dzenie Ministra Edukacji i Nauki z dnia 4 grudnia 2023 r. zmieniaj\u0105ce rozporz\u0105dzenie w sprawie \u015bwiadectw, dyplom\u00f3w pa\u0144stwowych i innych druk\u00f3w : Dz.U. z 2023 r. poz. 2653<br \/>\n<a id=\"view:_id1:_id2:_id59:_id61:callback1:_id93:rDeeds:171:_id114\" class=\"doc-details-link\" href=\"https:\/\/isap.sejm.gov.pl\/isap.nsf\/DocDetails.xsp?id=WDU20230002653\">Dz.U. 2023 poz. 2653<\/a><\/li>\n<li>Rozporz\u0105dzenie Ministra Edukacji i Nauki z dnia 7 czerwca 2023 r. w sprawie \u015bwiadectw, dyplom\u00f3w pa\u0144stwowych i innych druk\u00f3w : Dz.U. z 2023 r. poz. 1120<br \/>\n<a id=\"view:_id1:_id2:_id59:_id61:callback1:_id93:rDeeds:1704:_id114\" class=\"doc-details-link\" href=\"https:\/\/isap.sejm.gov.pl\/isap.nsf\/DocDetails.xsp?id=WDU20230001120\">Dz.U. 2023 poz. 1120<\/a><\/li>\n<li>Rozporz\u0105dzenie Ministra Obrony Narodowej z dnia 30 marca 2020 r. zmieniaj\u0105ce rozporz\u0105dzenie w sprawie okre\u015blenia szk\u00f3\u0142 i plac\u00f3wek, w kt\u00f3rych uczniowie mog\u0105 otrzyma\u0107 niekt\u00f3re \u015bwiadczenia : Dz. U. z 2020 r. poz. 610<br \/>\n<a id=\"view:_id1:_id2:_id59:_id61:callback1:_id93:rDeeds:105:_id114\" class=\"doc-details-link\" href=\"http:\/\/isap.sejm.gov.pl\/isap.nsf\/DocDetails.xsp?id=WDU20200000610\">Dz.U. 2020 poz. 610<\/a><\/li>\n<li>Rozporz\u0105dzenie Ministra Obrony Narodowej z dnia 20 sierpnia 2019 r. w sprawie okre\u015blenia szk\u00f3\u0142 i plac\u00f3wek, w kt\u00f3rych uczniowie mog\u0105 otrzyma\u0107 niekt\u00f3re \u015bwiadczenia : Dz. U. z 2019 r. poz. 1617<br \/>\n<a id=\"view:_id1:_id2:_id59:_id61:callback1:_id93:rDeeds:387:_id114\" class=\"doc-details-link\" href=\"http:\/\/isap.sejm.gov.pl\/isap.nsf\/DocDetails.xsp?id=WDU20190001617\">Dz.U. 2019 poz. 1617<\/a><\/li>\n<li>Rozporz\u0105dzenie Ministra Edukacji Narodowej z dnia 12 sierpnia 2019 r. w sprawie wzoru za\u015bwiadczenia o odbyciu sta\u017cu uczniowskiego : Dz. U. z 2019 r. poz. 1583<br \/>\n<a id=\"view:_id1:_id2:_id59:_id61:callback1:_id93:rDeeds:417:_id114\" class=\"doc-details-link\" href=\"http:\/\/isap.sejm.gov.pl\/isap.nsf\/DocDetails.xsp?id=WDU20190001583\">Dz.U. 2019 poz. 1583<\/a><\/li>\n<li>Rozporz\u0105dzenie Ministra Zdrowia z dnia 26 sierpnia 2019 r. w sprawie bada\u0144 lekarskich kandydat\u00f3w do szk\u00f3\u0142 ponadpodstawowych lub wy\u017cszych i na kwalifikacyjne kursy zawodowe, uczni\u00f3w i s\u0142uchaczy tych szk\u00f3\u0142, student\u00f3w, s\u0142uchaczy kwalifikacyjnych kurs\u00f3w zawodowych oraz doktorant\u00f3w : Dz. U. z 2019 r. poz. 1651<br \/>\n<a id=\"view:_id1:_id2:_id59:_id61:callback1:_id93:rDeeds:366:_id114\" class=\"doc-details-link\" href=\"http:\/\/isap.sejm.gov.pl\/isap.nsf\/DocDetails.xsp?id=WDU20190001651\">Dz.U. 2019 poz. 1651<\/a><\/li>\n<li>Rozporz\u0105dzenie Ministra Edukacji Narodowej z dnia 27 sierpnia 2014 r. zmieniaj\u0105ce rozporz\u0105dzenie w sprawie szczeg\u00f3\u0142owego zakresu danych gromadzonych w bazach danych o\u015bwiatowych, zakresu danych identyfikuj\u0105cych podmioty prowadz\u0105ce bazy danych o\u015bwiatowych, termin\u00f3w przekazywania danych mi\u0119dzy bazami danych o\u015bwiatowych oraz wzor\u00f3w wydruk\u00f3w zestawie\u0144 zbiorczych : Dz. U. z 2014 r. poz. 1149<br \/>\n<a id=\"view:_id1:_id2:_id59:_id61:callback1:_id93:rDeeds:846:_id114\" class=\"doc-details-link\" href=\"http:\/\/isap.sejm.gov.pl\/isap.nsf\/DocDetails.xsp?id=WDU20140001149\">Dz.U. 2014 poz. 1149<\/a><\/li>\n<li>Rozporz\u0105dzenie Ministra Edukacji Narodowej z dnia 9 sierpnia 2012 r. w sprawie szczeg\u00f3\u0142owego zakresu danych gromadzonych w bazach danych o\u015bwiatowych, zakresu danych identyfikuj\u0105cych podmioty prowadz\u0105ce bazy danych o\u015bwiatowych, termin\u00f3w przekazywania danych mi\u0119dzy bazami danych o\u015bwiatowych oraz wzor\u00f3w wydruk\u00f3w zestawie\u0144 zbiorczych : Dz. U. z 2012 r. poz. 957<br \/>\n<a id=\"view:_id1:_id2:_id59:_id61:callback1:_id93:rDeeds:598:_id114\" class=\"doc-details-link\" href=\"http:\/\/isap.sejm.gov.pl\/isap.nsf\/DocDetails.xsp?id=WDU20120000957\">Dz.U. 2012 poz. 957<\/a><\/li>\n<li>Rozporz\u0105dzenie Ministra Edukacji Narodowej z dnia 24 sierpnia 2016 r. zmieniaj\u0105ce rozporz\u0105dzenie w sprawie post\u0119powania w celu uznania \u015bwiadectwa lub innego dokumentu albo potwierdzenia wykszta\u0142cenia lub uprawnie\u0144 do kontynuacji nauki uzyskanych w zagranicznym systemie o\u015bwiaty : Dz. U. z 2016 r. poz. 1369<br \/>\n<a id=\"view:_id1:_id2:_id59:_id61:callback1:_id93:rDeeds:937:_id114\" class=\"doc-details-link\" href=\"http:\/\/isap.sejm.gov.pl\/isap.nsf\/DocDetails.xsp?id=WDU20160001369\">Dz.U. 2016 poz. 1369<\/a><\/li>\n<li>Rozporz\u0105dzenie Ministra Edukacji Narodowej z dnia 25 marca 2015 r. w sprawie post\u0119powania w celu uznania \u015bwiadectwa lub innego dokumentu albo potwierdzenia wykszta\u0142cenia lub uprawnie\u0144 do kontynuacji nauki uzyskanych w zagranicznym systemie o\u015bwiaty : Dz. U. z 2015 r. poz. 447<br \/>\n<a id=\"view:_id1:_id2:_id59:_id61:callback1:_id93:rDeeds:1920:_id114\" class=\"doc-details-link\" href=\"http:\/\/isap.sejm.gov.pl\/isap.nsf\/DocDetails.xsp?id=WDU20150000447\">Dz.U. 2015 poz. 447<\/a><a id=\"view:_id1:_id2:_id59:_id61:callback1:_id93:rDeeds:239:_id114\" class=\"doc-details-link\" href=\"http:\/\/isap.sejm.gov.pl\/isap.nsf\/DocDetails.xsp?id=WDU20160002067\"><\/a><\/li>\n<\/ul>\n","protected":false},"excerpt":{"rendered":"<p>Rozporz\u0105dzenie Ministra Edukacji i Nauki z dnia 4 grudnia 2023 r. zmieniaj\u0105ce rozporz\u0105dzenie w sprawie \u015bwiadectw, dyplom\u00f3w pa\u0144stwowych i innych druk\u00f3w : Dz.U. z 2023 r. poz. 2653 Dz.U. 2023 poz. 2653 Rozporz\u0105dzenie Ministra Edukacji i Nauki z dnia 7 czerwca 2023 r. w sprawie \u015bwiadectw, dyplom\u00f3w pa\u0144stwowych i innych druk\u00f3w : Dz.U. z 2023 r. poz. 1120 Dz.U. 2023 poz. 1120 Rozporz\u0105dzenie Ministra Obrony Narodowej z dnia 30 marca<span class=\"ellipsis\">&hellip;<\/span><\/p>\n<div class=\"read-more\"><a href=\"https:\/\/pbp.womczest.edu.pl\/new\/dokumentacja-szkolna\/\">Czytaj wi\u0119cej &#8250;<\/a><\/div>\n<p><!-- end of .read-more --><\/p>\n","protected":false},"author":7,"featured_media":0,"parent":0,"menu_order":0,"comment_status":"closed","ping_status":"closed","template":"","meta":{"footnotes":""},"jetpack_sharing_enabled":true,"jetpack_shortlink":"https:\/\/wp.me\/PgmV4H-3mU","_links":{"self":[{"href":"https:\/\/pbp.womczest.edu.pl\/new\/wp-json\/wp\/v2\/pages\/12952"}],"collection":[{"href":"https:\/\/pbp.womczest.edu.pl\/new\/wp-json\/wp\/v2\/pages"}],"about":[{"href":"https:\/\/pbp.womczest.edu.pl\/new\/wp-json\/wp\/v2\/types\/page"}],"author":[{"embeddable":true,"href":"https:\/\/pbp.womczest.edu.pl\/new\/wp-json\/wp\/v2\/users\/7"}],"replies":[{"embeddable":true,"href":"https:\/\/pbp.womczest.edu.pl\/new\/wp-json\/wp\/v2\/comments?post=12952"}],"version-history":[{"count":27,"href":"https:\/\/pbp.womczest.edu.pl\/new\/wp-json\/wp\/v2\/pages\/12952\/revisions"}],"predecessor-version":[{"id":26440,"href":"https:\/\/pbp.womczest.edu.pl\/new\/wp-json\/wp\/v2\/pages\/12952\/revisions\/26440"}],"wp:attachment":[{"href":"https:\/\/pbp.womczest.edu.pl\/new\/wp-json\/wp\/v2\/media?parent=12952"}],"curies":[{"name":"wp","href":"https:\/\/api.w.org\/{rel}","templated":true}]}}