


{"id":11969,"date":"2018-06-11T14:18:26","date_gmt":"2018-06-11T12:18:26","guid":{"rendered":"https:\/\/pbp.womczest.edu.pl\/new\/?page_id=11969"},"modified":"2018-06-11T14:19:08","modified_gmt":"2018-06-11T12:19:08","slug":"xi-bajkowe-spotkania","status":"publish","type":"page","link":"https:\/\/pbp.womczest.edu.pl\/new\/edukacja\/cala-polska-czyta-dzieciom\/cpcd-relacje-z-przeprowadzonych-spotkan-i-imprez-czytelniczych\/xi-bajkowe-spotkania\/","title":{"rendered":"XI Bajkowe Spotkania &#8211; 2018"},"content":{"rendered":"<p>XI Bajkowe Spotkania w\u00a0ramach og\u00f3lnopolskiej kampanii spo\u0142ecznej \u201eCa\u0142a Polska czyta dzieciom\u201d ju\u017c za nami. 10, 11 i 13 kwietnia 2018 r. Aula Forum RODN \u201eWOM\u201d\u00a0 zosta\u0142a wype\u0142niona po brzegi przez sze\u015bciolatki z cz\u0119stochowskich plac\u00f3wek. Dzieci wys\u0142ucha\u0142y utwory literackie prezentowane przez zaproszonych go\u015bci. Pierwsze spotkanie u\u015bwietni\u0142 Pan Miko\u0142aj Mikser M\u0105drzyk\u2013 znany i ceniony raper-filozof. Pan Miko\u0142aj przeczyta\u0142 <em>Bajk\u0119 o Smoku Kubie<\/em> autorstwa Mariusza Kozubka. Zach\u0119ca\u0142 dzieci do\u00a0aktywnego sp\u0119dzania czasu ale i do czytania ksi\u0105\u017cek. Sam przyzna\u0142 si\u0119, \u017ce nie ogl\u0105da telewizji i ogranicza czas sp\u0119dzany w internecie do minimum. Ci\u0105g\u0142e patrzenie w smartfon powoduje bowiem u\u015bpienie naszego m\u00f3zgu. Dzieci z wielk\u0105 uwag\u0105 s\u0142ucha\u0142y naszego Go\u015bcia zadaj\u0105c te\u017c wiele pyta\u0144 dotycz\u0105cych profesji i zainteresowa\u0144 Miksera. Wszyscy byli pod ogromnym wra\u017ceniem umiej\u0119tno\u015bci wokalnych go\u015bcia i freestylu w jego wykonaniu. Na koniec wszyscy wykonywali \u0107wiczenia logopedyczne, usprawniaj\u0105ce j\u0119zyk.\u201dWyrewolwerowany rewolwerowiec\u201d w wykonaniu Miksera, brzmia\u0142 idealnie, powt\u00f3rzony przez dzieci te\u017c nie\u017ale, jak powiedzia\u0142 Go\u015b\u0107, nale\u017cy popracowa\u0107 tylko nad tempem. Na koniec dzieci otrzyma\u0142y zadanie domowe: powtarzanie tekstu \u201eSzed\u0142 Sasza such\u0105 szos\u0105\u201d.<\/p>\n<p>11 kwietnia go\u015bciem Bajkowych Spotka\u0144 by\u0142 Mariusz Schulz Hapi Hapi. Na co dzie\u0144 pedagog, terapeuta i spo\u0142ecznik przyby\u0142 do biblioteki kolorowym HapiBusem, kt\u00f3ry mie\u015bci\u0142 w sobie wiele niespodzianek dla uczestnik\u00f3w spotkania. W Auli Forum nasz sympatyczny Go\u015b\u0107 przeczyta\u0142 dzieciom utwory <em>Zosia i fio\u0142kowy kapelusz<\/em> Edyty Zar\u0119bskiej, <em>Syrop Maga Abrakabry<\/em> Wojciecha Wid\u0142aka i <em>Maja w poszukiwaniu jaja<\/em> Rafa\u0142a Witka. Dzieci bardzo \u017cywo reagowa\u0142y na czytane teksty, zadawa\u0142y te\u017c mn\u00f3stwo pyta\u0144 na temat kolorowego jak z bajki wygl\u0105du Go\u015bcia. Niekt\u00f3rym Hapi Hapi kojarzy\u0142 si\u0119 z Panem Kleksem. W drugiej cz\u0119\u015bci spotkania, kt\u00f3re mia\u0142o miejsce przed budynkiem RODN \u201eWOM\u201d dzieci bawi\u0142y si\u0119 wsp\u00f3lnie z Panem Mariuszem balansuj\u0105c na desce rollerbone, tworz\u0105c zwierz\u0105tka z balon\u00f3w, ka\u017cda grupa otrzyma\u0142a prezent- pluszowe maskotki. Na koniec by\u0142a okazja do zrobienia sobie pami\u0105tkowej fotografii z Go\u015bciem na tle HapiBusa.<\/p>\n<p>Go\u015b\u0107mi trzeciego spotkania byli cz\u0142onkowie Garnizonu Fortecy Cz\u0119stochowy, ubrani w\u00a0stroje, kt\u00f3re noszono w\u00a0XVIII w. Pani Arleta Lizo\u0144 i\u00a0Pan Konrad Ch\u0119ci\u0144ski. Go\u015bcie opowiadali o\u00a0swojej pasji i zach\u0119cali wszystkich do\u00a0uczestniczenia w\u00a0organizowanych przez\u00a0nich rekonstrukcjach i\u00a0piknikach. Celem dzia\u0142ania stowarzyszenia Garnizon Fortecy Cz\u0119stochowskiej jest promocja jasnog\u00f3rskiego dziedzictwa kultury polskiej polegaj\u0105ca na\u00a0tworzeniu warunk\u00f3w do\u00a0rozwoju tradycji z\u00a0my\u015bl\u0105 o\u00a0przysz\u0142ych pokoleniach. Pani Arleta i Pan Konrad przeczytali dzieciom <em>Legend\u0119 o hejnale mariackim<\/em>, ba\u015b\u0144 <em>Kr\u00f3lewna zaczarowana w \u017cabk\u0119<\/em>, bajk\u0119 <em>Opowie\u015bci s\u0142onecznego blasku<\/em> oraz fragmenty utworu <em>Paziowie kr\u00f3la Zygmunta<\/em> Antoniny Doma\u0144skiej. Zaproszeni go\u015bcie nie tylko odpowiadali na pytania dzieci ale te\u017c zadawali pytania dotycz\u0105ce przeczytanych tekst\u00f3w. Prawid\u0142owe odpowiedzi nagradzane by\u0142y pami\u0105tkowymi monetami.<\/p>\n<p>Bajkowe Spotkania ciesz\u0105 si\u0119 od\u00a0lat nieustaj\u0105cym zainteresowaniem m\u0142odych czytelnik\u00f3w, w\u00a0tym roku wzi\u0119\u0142o w\u00a0nich udzia\u0142 393 dzieci i\u00a039 nauczycieli.<br \/>\nCelem\u00a0Bajkowych Spotka\u0144\u00a0jest popularyzowanie literatury w\u015br\u00f3d dzieci. Dzi\u0119ki zaanga\u017cowaniu i\u00a0\u017cyczliwo\u015bci naszych Go\u015bci mogli\u015bmy ten cel zrealizowa\u0107 w\u00a0spos\u00f3b radosny i\u00a0atrakcyjny. Serdecznie dzi\u0119kujemy Go\u015bciom za\u00a0przyj\u0119cie zaproszenia, po\u015bwi\u0119cony czas, zach\u0119cenie dzieci do\u00a0czytania i\u00a0s\u0142uchania bajek jak r\u00f3wnie\u017c aktywnego sp\u0119dzania wolnego czasu. Wszystkim uczestnikom dzi\u0119kujemy za\u00a0wspania\u0142\u0105 zabaw\u0119.<\/p>\n<p style=\"text-align: right;\"><em>Tekst: Anna D\u0105browska<br \/>\n<\/em><em>Zdj\u0119cia: Izabela Bajor<br \/>\n<\/em><em>Mariusz Trenda<br \/>\n<a href=\"https:\/\/pbp.womczest.edu.pl\/new\/galeria\/bajkowe-spotkania-2018\/\">galeria<\/a><\/em><\/p>\n","protected":false},"excerpt":{"rendered":"<p>XI Bajkowe Spotkania w\u00a0ramach og\u00f3lnopolskiej kampanii spo\u0142ecznej \u201eCa\u0142a Polska czyta dzieciom\u201d ju\u017c za nami. 10, 11 i 13 kwietnia 2018 r. Aula Forum RODN \u201eWOM\u201d\u00a0 zosta\u0142a wype\u0142niona po brzegi przez sze\u015bciolatki z cz\u0119stochowskich plac\u00f3wek. Dzieci wys\u0142ucha\u0142y utwory literackie prezentowane przez zaproszonych go\u015bci. Pierwsze spotkanie u\u015bwietni\u0142 Pan Miko\u0142aj Mikser M\u0105drzyk\u2013 znany i ceniony raper-filozof. Pan Miko\u0142aj przeczyta\u0142 Bajk\u0119 o Smoku Kubie autorstwa Mariusza Kozubka. Zach\u0119ca\u0142 dzieci do\u00a0aktywnego sp\u0119dzania czasu ale i<span class=\"ellipsis\">&hellip;<\/span><\/p>\n<div class=\"read-more\"><a href=\"https:\/\/pbp.womczest.edu.pl\/new\/edukacja\/cala-polska-czyta-dzieciom\/cpcd-relacje-z-przeprowadzonych-spotkan-i-imprez-czytelniczych\/xi-bajkowe-spotkania\/\">Czytaj wi\u0119cej &#8250;<\/a><\/div>\n<p><!-- end of .read-more --><\/p>\n","protected":false},"author":4,"featured_media":0,"parent":3994,"menu_order":0,"comment_status":"closed","ping_status":"closed","template":"","meta":{"footnotes":""},"jetpack_sharing_enabled":true,"jetpack_shortlink":"https:\/\/wp.me\/PgmV4H-373","_links":{"self":[{"href":"https:\/\/pbp.womczest.edu.pl\/new\/wp-json\/wp\/v2\/pages\/11969"}],"collection":[{"href":"https:\/\/pbp.womczest.edu.pl\/new\/wp-json\/wp\/v2\/pages"}],"about":[{"href":"https:\/\/pbp.womczest.edu.pl\/new\/wp-json\/wp\/v2\/types\/page"}],"author":[{"embeddable":true,"href":"https:\/\/pbp.womczest.edu.pl\/new\/wp-json\/wp\/v2\/users\/4"}],"replies":[{"embeddable":true,"href":"https:\/\/pbp.womczest.edu.pl\/new\/wp-json\/wp\/v2\/comments?post=11969"}],"version-history":[{"count":2,"href":"https:\/\/pbp.womczest.edu.pl\/new\/wp-json\/wp\/v2\/pages\/11969\/revisions"}],"predecessor-version":[{"id":11971,"href":"https:\/\/pbp.womczest.edu.pl\/new\/wp-json\/wp\/v2\/pages\/11969\/revisions\/11971"}],"up":[{"embeddable":true,"href":"https:\/\/pbp.womczest.edu.pl\/new\/wp-json\/wp\/v2\/pages\/3994"}],"wp:attachment":[{"href":"https:\/\/pbp.womczest.edu.pl\/new\/wp-json\/wp\/v2\/media?parent=11969"}],"curies":[{"name":"wp","href":"https:\/\/api.w.org\/{rel}","templated":true}]}}