


{"id":11367,"date":"2018-02-06T11:39:32","date_gmt":"2018-02-06T10:39:32","guid":{"rendered":"https:\/\/pbp.womczest.edu.pl\/new\/?page_id=11367"},"modified":"2018-02-06T11:39:32","modified_gmt":"2018-02-06T10:39:32","slug":"ksiazka-ktora-warto-przeczytac-list-do-kolegi-lub-kolezanki-podsumowanie-konkursu-literackiego","status":"publish","type":"page","link":"https:\/\/pbp.womczest.edu.pl\/new\/kontakt\/lelow\/konkursy-filia-lelow\/ksiazka-ktora-warto-przeczytac-list-do-kolegi-lub-kolezanki-podsumowanie-konkursu-literackiego\/","title":{"rendered":"KSI\u0104\u017bKA, KT\u00d3R\u0104 WARTO PRZECZYTA\u0106\u2026- LIST DO KOLEGI LUB KOLE\u017bANKI-podsumowanie konkursu literackiego"},"content":{"rendered":"<p><img decoding=\"async\" loading=\"lazy\" class=\" wp-image-10862 alignleft\" src=\"https:\/\/pbp.womczest.edu.pl\/new\/wp-content\/uploads\/2015\/05\/IMG_4086-300x225.jpg\" alt=\"\" width=\"216\" height=\"162\" srcset=\"https:\/\/pbp.womczest.edu.pl\/new\/wp-content\/uploads\/2015\/05\/IMG_4086-300x225.jpg 300w, https:\/\/pbp.womczest.edu.pl\/new\/wp-content\/uploads\/2015\/05\/IMG_4086-100x75.jpg 100w, https:\/\/pbp.womczest.edu.pl\/new\/wp-content\/uploads\/2015\/05\/IMG_4086-150x113.jpg 150w, https:\/\/pbp.womczest.edu.pl\/new\/wp-content\/uploads\/2015\/05\/IMG_4086-200x150.jpg 200w, https:\/\/pbp.womczest.edu.pl\/new\/wp-content\/uploads\/2015\/05\/IMG_4086-450x338.jpg 450w, https:\/\/pbp.womczest.edu.pl\/new\/wp-content\/uploads\/2015\/05\/IMG_4086.jpg 533w\" sizes=\"(max-width: 216px) 100vw, 216px\" \/>23 pa\u017adziernika 2017 roku w Szkole Podstawowej Zespo\u0142u Szkolno Przedszkolnego w Lelowie zako\u0144czy\u0142 si\u0119 konkurs literacki\u00a0 <em>Ksi\u0105\u017cka, kt\u00f3r\u0105 warto przeczyta\u0107\u2026- list do kolegi lub kole\u017canki. <\/em>Konkurs zorganizowany zosta\u0142 w ramach obchod\u00f3w Mi\u0119dzynarodowego Miesi\u0105ca Bibliotek Szkolnych przez Publiczn\u0105 Bibliotek\u0119 Pedagogiczn\u0105 RODN \u201eWOM\u201d w Cz\u0119stochowie Filia w Lelowie oraz Bibliotek\u0119 Szkoln\u0105. Celem konkursu by\u0142o: zainteresowanie dzieci i m\u0142odzie\u017cy tradycyjn\u0105 form\u0105 korespondencji, rozbudzanie zainteresowa\u0144 czytelniczych, rozwijanie wyobra\u017ani i umiej\u0119tno\u015bci jasnego wyra\u017cania potrzeb.<\/p>\n<p>Konkurs skierowany by\u0142 do uczni\u00f3w w dw\u00f3ch kategoriach wiekowych:<\/p>\n<p>I kategoria \u2013 klasy IV -V<\/p>\n<p>II kategoria \u2013 klasy VI &#8211; VII<\/p>\n<p>Og\u00f3\u0142em do konkursu przyst\u0105pi\u0142o 20 uczni\u00f3w.<\/p>\n<p>Komisja konkursowa dokona\u0142a oceny prac i przyzna\u0142a nast\u0119puj\u0105ce miejsca :<\/p>\n<p><strong>kategoria klas IV &#8211; V<\/strong><\/p>\n<p>I miejsce \u2013 Aleksandra Cudak \u2013 kl. V<\/p>\n<p>Zuzanna Chory\u0142ek \u2013 kl. V<\/p>\n<p>II miejsce \u2013 Ma\u0142gorzata Ra\u017aniak \u2013 kl. IVb<\/p>\n<p>And\u017celika Latosi\u0144ska \u2013 kl. V<\/p>\n<p>III miejsce \u2013 Katarzyna Popi\u00f3\u0142 \u2013 kl. IVa<\/p>\n<p>Wyr\u00f3\u017cnienie \u2013 Alicja Szwaja \u2013 kl. V<\/p>\n<p><strong>kategoria klas VI &#8211; VII<\/strong><\/p>\n<p>I miejsce \u2013 Amelia Foltyn \u2013 kl. VII<\/p>\n<p>II miejsce \u2013 Patrycja Foltyn \u2013 kl. VII<\/p>\n<p>III miejsce \u2013 Natalia Dors \u2013 kl. VI<\/p>\n<p>Podsumowanie konkursu, og\u0142oszenie wynik\u00f3w oraz wr\u0119czenie nagr\u00f3d nast\u0105pi\u0142o 30 pa\u017adziernika 2017 roku podczas apelu szkolnego.<\/p>\n<p>Zwyci\u0119zcom konkursu serdecznie gratulujemy.<\/p>\n<p style=\"text-align: right;\"><em>tekst i zdj\u0119cia: Dorota Kulawiak<\/em><\/p>\n","protected":false},"excerpt":{"rendered":"<p>23 pa\u017adziernika 2017 roku w Szkole Podstawowej Zespo\u0142u Szkolno Przedszkolnego w Lelowie zako\u0144czy\u0142 si\u0119 konkurs literacki\u00a0 Ksi\u0105\u017cka, kt\u00f3r\u0105 warto przeczyta\u0107\u2026- list do kolegi lub kole\u017canki. Konkurs zorganizowany zosta\u0142 w ramach obchod\u00f3w Mi\u0119dzynarodowego Miesi\u0105ca Bibliotek Szkolnych przez Publiczn\u0105 Bibliotek\u0119 Pedagogiczn\u0105 RODN \u201eWOM\u201d w Cz\u0119stochowie Filia w Lelowie oraz Bibliotek\u0119 Szkoln\u0105. Celem konkursu by\u0142o: zainteresowanie dzieci i m\u0142odzie\u017cy tradycyjn\u0105 form\u0105 korespondencji, rozbudzanie zainteresowa\u0144 czytelniczych, rozwijanie wyobra\u017ani i umiej\u0119tno\u015bci jasnego wyra\u017cania potrzeb. Konkurs<span class=\"ellipsis\">&hellip;<\/span><\/p>\n<div class=\"read-more\"><a href=\"https:\/\/pbp.womczest.edu.pl\/new\/kontakt\/lelow\/konkursy-filia-lelow\/ksiazka-ktora-warto-przeczytac-list-do-kolegi-lub-kolezanki-podsumowanie-konkursu-literackiego\/\">Czytaj wi\u0119cej &#8250;<\/a><\/div>\n<p><!-- end of .read-more --><\/p>\n","protected":false},"author":4,"featured_media":0,"parent":3494,"menu_order":0,"comment_status":"closed","ping_status":"closed","template":"","meta":{"footnotes":""},"jetpack_sharing_enabled":true,"jetpack_shortlink":"https:\/\/wp.me\/PgmV4H-2Xl","_links":{"self":[{"href":"https:\/\/pbp.womczest.edu.pl\/new\/wp-json\/wp\/v2\/pages\/11367"}],"collection":[{"href":"https:\/\/pbp.womczest.edu.pl\/new\/wp-json\/wp\/v2\/pages"}],"about":[{"href":"https:\/\/pbp.womczest.edu.pl\/new\/wp-json\/wp\/v2\/types\/page"}],"author":[{"embeddable":true,"href":"https:\/\/pbp.womczest.edu.pl\/new\/wp-json\/wp\/v2\/users\/4"}],"replies":[{"embeddable":true,"href":"https:\/\/pbp.womczest.edu.pl\/new\/wp-json\/wp\/v2\/comments?post=11367"}],"version-history":[{"count":1,"href":"https:\/\/pbp.womczest.edu.pl\/new\/wp-json\/wp\/v2\/pages\/11367\/revisions"}],"predecessor-version":[{"id":11368,"href":"https:\/\/pbp.womczest.edu.pl\/new\/wp-json\/wp\/v2\/pages\/11367\/revisions\/11368"}],"up":[{"embeddable":true,"href":"https:\/\/pbp.womczest.edu.pl\/new\/wp-json\/wp\/v2\/pages\/3494"}],"wp:attachment":[{"href":"https:\/\/pbp.womczest.edu.pl\/new\/wp-json\/wp\/v2\/media?parent=11367"}],"curies":[{"name":"wp","href":"https:\/\/api.w.org\/{rel}","templated":true}]}}