


{"id":10272,"date":"2017-08-10T12:50:17","date_gmt":"2017-08-10T10:50:17","guid":{"rendered":"https:\/\/pbp.womczest.edu.pl\/new\/?page_id=10272"},"modified":"2017-08-10T12:50:17","modified_gmt":"2017-08-10T10:50:17","slug":"siec-wspolpracy-i-samoksztalcenia-narodowy-program-rozwoju-czytelnictwa-inspiracja-do-rozwijania-kompetencji-czytelniczych-dzieci-i-mlodziezy-podsumowanie","status":"publish","type":"page","link":"https:\/\/pbp.womczest.edu.pl\/new\/kontakt\/lubliniec\/kursy-i-szkolenia\/siec-wspolpracy-i-samoksztalcenia-narodowy-program-rozwoju-czytelnictwa-inspiracja-do-rozwijania-kompetencji-czytelniczych-dzieci-i-mlodziezy-podsumowanie\/","title":{"rendered":"Sie\u0107 wsp\u00f3\u0142pracy i samokszta\u0142cenia NARODOWY PROGRAM ROZWOJU CZYTELNICTWA \u2013 INSPIRACJ\u0104 DO ROZWIJANIA KOMPETENCJI CZYTELNICZYCH DZIECI I M\u0141ODZIE\u017bY \u2013 podsumowanie"},"content":{"rendered":"<p>Od listopada 2016 r. do stycznia 2017 br. w\u00a0Publicznej Bibliotece Pedagogiczne RODN \u201eWOM\u201d w Cz\u0119stochowie Filia w Lubli\u0144cu oraz w Zespole Szk\u00f3\u0142 Og\u00f3lnokszta\u0142c\u0105co-Technicznych w\u00a0Lubli\u0144cu odby\u0142y si\u0119\u00a0trzy spotkania sieci wsp\u00f3\u0142pracy i\u00a0samokszta\u0142cenia \u2013 ka\u017cde w wymiarze 3 godzin dydaktycznych. Tematem seminari\u00f3w by\u0142 \u00a0<em>Narodowy Program Rozwoju Czytelnictwa<\/em><strong>\u00a0<\/strong><strong>\u2013 <em>inspiracj\u0105 do\u00a0rozwijania kompetencji czytelniczych dzieci i\u00a0m\u0142odzie\u017cy<\/em><\/strong>. Uczestnikami sieci byli\u00a0nauczyciele bibliotekarze powiatu lublinieckiego. G\u0142\u00f3wnym celem pracy sieci by\u0142a\u00a0wsp\u00f3\u0142praca i\u00a0samokszta\u0142cenie w\u00a0zakresie omawianego tematu.<\/p>\n<p>Podczas pierwszego spotkania uczestnicy sieci ustalili i zaakceptowali \u00a0plan, zasady wsp\u00f3\u0142pracy w ramach sieci oraz podpisali\u00a0kontrakt. Om\u00f3wili harmonogram dzia\u0142a\u0144 w ramach Narodowego Programu Rozwoju Czytelnictwa. W dalszej cz\u0119\u015bci seminarium przedstawiono szereg zalet czytania. Podkre\u015blono wa\u017cn\u0105 rol\u0119 nauczycieli i rodzic\u00f3w w procesie kszta\u0142towania postaw czytelniczych.<\/p>\n<p>W trakcie kolejnych zaj\u0119\u0107 bibliotekarze skupili si\u0119 na sprawozdaniu z\u00a0realizacji zada\u0144 w ramach Narodowego Programu Rozwoju Czytelnictwa. Zaprezentowali przyk\u0142ady w\u0142asnych projekt\u00f3w i listy zakupionych ksi\u0105\u017cek. Dyskutowano o problemach, kt\u00f3re napotkano podczas pracy oraz zaproponowano kilka rozwi\u0105za\u0144 dla tych, kt\u00f3rzy mieli trudno\u015bci z realizacj\u0105 projektu.<\/p>\n<p>Ostatnie spotkanie po\u015bwi\u0119cone by\u0142o r\u00f3\u017cnorodnym formom promocji czytelnictwa w szko\u0142ach. Om\u00f3wiono zalety czytania, jako sposobu na sp\u0119dzanie wolnego czasu, relaksu i wyciszenia od nadmiaru stymulacji i wra\u017ce\u0144. Zaprezentowano m.in. takie formy pracy z uczniem, jak booktalking, noc w\u00a0bibliotece i \u00a0tworzenie lapbook\u00f3w.<\/p>\n<p>Na\u00a0zako\u0144czenie spotkania nauczyciele bibliotekarze sprecyzowali zakresy tematyczne sieci wsp\u00f3\u0142pracy, w\u00a0kt\u00f3rych chcieliby pracowa\u0107 w\u00a0przysz\u0142ym roku szkolnym.<\/p>\n<p style=\"text-align: right;\"><em>Ma\u0142gorzata Goinda<\/em><br \/>\n<em>Olimpia Zieli\u0144ska<\/em><br \/>\n<em>Anna Bidzi\u0144ska-Kristof<\/em><\/p>\n","protected":false},"excerpt":{"rendered":"<p>Od listopada 2016 r. do stycznia 2017 br. w\u00a0Publicznej Bibliotece Pedagogiczne RODN \u201eWOM\u201d w Cz\u0119stochowie Filia w Lubli\u0144cu oraz w Zespole Szk\u00f3\u0142 Og\u00f3lnokszta\u0142c\u0105co-Technicznych w\u00a0Lubli\u0144cu odby\u0142y si\u0119\u00a0trzy spotkania sieci wsp\u00f3\u0142pracy i\u00a0samokszta\u0142cenia \u2013 ka\u017cde w wymiarze 3 godzin dydaktycznych. Tematem seminari\u00f3w by\u0142 \u00a0Narodowy Program Rozwoju Czytelnictwa\u00a0\u2013 inspiracj\u0105 do\u00a0rozwijania kompetencji czytelniczych dzieci i\u00a0m\u0142odzie\u017cy. Uczestnikami sieci byli\u00a0nauczyciele bibliotekarze powiatu lublinieckiego. G\u0142\u00f3wnym celem pracy sieci by\u0142a\u00a0wsp\u00f3\u0142praca i\u00a0samokszta\u0142cenie w\u00a0zakresie omawianego tematu. Podczas pierwszego spotkania uczestnicy sieci<span class=\"ellipsis\">&hellip;<\/span><\/p>\n<div class=\"read-more\"><a href=\"https:\/\/pbp.womczest.edu.pl\/new\/kontakt\/lubliniec\/kursy-i-szkolenia\/siec-wspolpracy-i-samoksztalcenia-narodowy-program-rozwoju-czytelnictwa-inspiracja-do-rozwijania-kompetencji-czytelniczych-dzieci-i-mlodziezy-podsumowanie\/\">Czytaj wi\u0119cej &#8250;<\/a><\/div>\n<p><!-- end of .read-more --><\/p>\n","protected":false},"author":4,"featured_media":0,"parent":3725,"menu_order":0,"comment_status":"closed","ping_status":"closed","template":"","meta":{"footnotes":""},"jetpack_sharing_enabled":true,"jetpack_shortlink":"https:\/\/wp.me\/PgmV4H-2FG","_links":{"self":[{"href":"https:\/\/pbp.womczest.edu.pl\/new\/wp-json\/wp\/v2\/pages\/10272"}],"collection":[{"href":"https:\/\/pbp.womczest.edu.pl\/new\/wp-json\/wp\/v2\/pages"}],"about":[{"href":"https:\/\/pbp.womczest.edu.pl\/new\/wp-json\/wp\/v2\/types\/page"}],"author":[{"embeddable":true,"href":"https:\/\/pbp.womczest.edu.pl\/new\/wp-json\/wp\/v2\/users\/4"}],"replies":[{"embeddable":true,"href":"https:\/\/pbp.womczest.edu.pl\/new\/wp-json\/wp\/v2\/comments?post=10272"}],"version-history":[{"count":1,"href":"https:\/\/pbp.womczest.edu.pl\/new\/wp-json\/wp\/v2\/pages\/10272\/revisions"}],"predecessor-version":[{"id":10273,"href":"https:\/\/pbp.womczest.edu.pl\/new\/wp-json\/wp\/v2\/pages\/10272\/revisions\/10273"}],"up":[{"embeddable":true,"href":"https:\/\/pbp.womczest.edu.pl\/new\/wp-json\/wp\/v2\/pages\/3725"}],"wp:attachment":[{"href":"https:\/\/pbp.womczest.edu.pl\/new\/wp-json\/wp\/v2\/media?parent=10272"}],"curies":[{"name":"wp","href":"https:\/\/api.w.org\/{rel}","templated":true}]}}